000
CDUS44 KCRP 260701
CLICRP

CLIMATE REPORT
NATIONAL WEATHER SERVICE CORPUS CHRISTI TX
200 AM CDT SUN APR 26 2015


...THE CORPUS CHRISTI CLIMATE SUMMARY FOR APRIL 25 2015...

CLIMATE NORMAL PERIOD 1981 TO 2010
CLIMATE RECORD PERIOD 1887 TO 2015


WEATHER ITEM   OBSERVED TIME   RECORD YEAR NORMAL DEPARTURE LAST
                VALUE   (LST)  VALUE       VALUE  FROM      YEAR
                                                  NORMAL
..................................................................
TEMPERATURE (F)
 YESTERDAY
  MAXIMUM         81    253 PM  99    2003  83     -2       86
  MINIMUM         73    623 AM  49    1983  65      8       69
  AVERAGE         77                        74      3       78

PRECIPITATION (IN)
  YESTERDAY        0.01          6.18 2004   0.07  -0.06     0.00
  MONTH TO DATE    6.33                      1.48   4.85     0.45
  SINCE MAR 1     12.46                      3.37   9.09     2.10
  SINCE JAN 1     15.91                      6.84   9.07     3.01

SNOWFALL (IN)
  YESTERDAY        0.0
  MONTH TO DATE    0.0
  SINCE MAR 1      0.0
  SINCE JUL 1      0.0
  SNOW DEPTH       0

DEGREE DAYS
 HEATING
  YESTERDAY        0                         0      0        0
  MONTH TO DATE    0                        15    -15       14
  SINCE MAR 1    116                        96     20      146
  SINCE JUL 1   1053                       896    157     1145

 COOLING
  YESTERDAY       12                         9      3       13
  MONTH TO DATE  243                       187     56      196
  SINCE MAR 1    318                       302     16      280
  SINCE JAN 1    346                       378    -32      357
..................................................................


WIND (MPH)
  HIGHEST WIND SPEED    25   HIGHEST WIND DIRECTION     N (340)
  HIGHEST GUST SPEED    29   HIGHEST GUST DIRECTION     N (340)
  AVERAGE WIND SPEED    10.0


SKY COVER
  POSSIBLE SUNSHINE  MM
  AVERAGE SKY COVER 0.8


WEATHER CONDITIONS
 THE FOLLOWING WEATHER WAS RECORDED YESTERDAY.
  THUNDERSTORM
  LIGHT RAIN
  FOG
  HAZE


RELATIVE HUMIDITY (PERCENT)
 HIGHEST    94           200 AM
 LOWEST     76           600 PM
 AVERAGE    85

..........................................................


THE CORPUS CHRISTI CLIMATE NORMALS FOR TODAY
                         NORMAL    RECORD    YEAR
 MAXIMUM TEMPERATURE (F)   83       102      1984
 MINIMUM TEMPERATURE (F)   66        51      1952


SUNRISE AND SUNSET
APRIL 26 2015.........SUNRISE   655 AM CDT   SUNSET   801 PM CDT
APRIL 27 2015.........SUNRISE   654 AM CDT   SUNSET   802 PM CDT


-  INDICATES NEGATIVE NUMBERS.
R  INDICATES RECORD WAS SET OR TIED.
MM INDICATES DATA IS MISSING.
T  INDICATES TRACE AMOUNT.

$$

TMT
