000
CDUS42 KFFC 210817
CLICSG


CLIMATE REPORT
NATIONAL WEATHER SERVICE PEACHTREE CITY GA
417 AM EDT TUE APR 21 2015


...................................

...THE COLUMBUS CLIMATE SUMMARY FOR APRIL 20 2015...

CLIMATE NORMAL PERIOD 1981 TO 2010
CLIMATE RECORD PERIOD 1948 TO 2015


WEATHER ITEM   OBSERVED TIME   RECORD YEAR NORMAL DEPARTURE LAST
                VALUE   (LST)  VALUE       VALUE  FROM      YEAR
                                                  NORMAL
..................................................................
TEMPERATURE (F)
 YESTERDAY
  MAXIMUM         77    549 PM  91    2002  78     -1       75
  MINIMUM         62   1159 PM  35    1953  54      8       54
  AVERAGE         70                        66      4       65

PRECIPITATION (IN)
  YESTERDAY        T             1.05 1982   0.11  -0.11     0.00
  MONTH TO DATE    5.15                      2.49   2.66     7.96
  SINCE MAR 1      7.61                      7.95  -0.34    13.36
  SINCE JAN 1     14.98                     16.24  -1.26    21.68

DEGREE DAYS
 HEATING
  YESTERDAY        0                         2     -2        0
  MONTH TO DATE   13                        75    -62       79
  SINCE MAR 1    188                       321   -133      391
  SINCE JUL 1   2198                      2098    100     2334

 COOLING
  YESTERDAY        5                         3      2        0
  MONTH TO DATE   95                        42     53       25
  SINCE MAR 1    124                        65     59       25
  SINCE JAN 1    124                        69     55       28
..................................................................


WIND (MPH)
  HIGHEST WIND SPEED    22   HIGHEST WIND DIRECTION    SW (220)
  HIGHEST GUST SPEED    32   HIGHEST GUST DIRECTION    SW (220)
  AVERAGE WIND SPEED     9.4


SKY COVER
  AVERAGE SKY COVER 0.6


WEATHER CONDITIONS
 THE FOLLOWING WEATHER WAS RECORDED YESTERDAY.
  NO SIGNIFICANT WEATHER WAS OBSERVED.


RELATIVE HUMIDITY (PERCENT)
 HIGHEST    93           500 AM
 LOWEST     49           700 PM
 AVERAGE    71

..........................................................


THE COLUMBUS CLIMATE NORMALS FOR TODAY
                         NORMAL    RECORD    YEAR
 MAXIMUM TEMPERATURE (F)   78        92      1987
 MINIMUM TEMPERATURE (F)   54        32      1953


SUNRISE AND SUNSET
APRIL 21 2015.........SUNRISE   704 AM EDT   SUNSET   814 PM EDT
APRIL 22 2015.........SUNRISE   703 AM EDT   SUNSET   814 PM EDT


-  INDICATES NEGATIVE NUMBERS.
R  INDICATES RECORD WAS SET OR TIED.
MM INDICATES DATA IS MISSING.
T  INDICATES TRACE AMOUNT.




$$
