000
CDUS45 KTFX 032256
CLICTB


CLIMATE REPORT
NATIONAL WEATHER SERVICE GREAT FALLS MT
456 PM MDT SUN MAY 3 2015


...................................

...THE CUT BANK MT CLIMATE SUMMARY FOR MAY 3 2015...
VALID TODAY AS OF 0400 PM LOCAL TIME.

CLIMATE NORMAL PERIOD 1981 TO 2010
CLIMATE RECORD PERIOD 1903 TO 2015


WEATHER ITEM   OBSERVED TIME   RECORD YEAR NORMAL DEPARTURE LAST
                VALUE   (LST)  VALUE       VALUE  FROM      YEAR
                                                  NORMAL
..................................................................
TEMPERATURE (F)
 TODAY
  MAXIMUM         62    242 PM  80    1966  59      3       37
  MINIMUM         30    558 AM  10    1967  33     -3       32
  AVERAGE         46                        46      0       35

PRECIPITATION (IN)
  TODAY            0.00          0.51 1952   0.04  -0.04     0.12
  MONTH TO DATE    0.00                      0.11  -0.11     0.13
  SINCE OCT 1      3.82                      2.82   1.00     4.83
  SINCE JAN 1      1.29                      1.80  -0.51     3.63

SNOWFALL (IN)
  TODAY           MM
  SNOW DEPTH       0

DEGREE DAYS
 HEATING
  TODAY           19                        19      0       30
  MONTH TO DATE   46                        58    -12       59
  SINCE MAR 1   1522                      1818   -296     1988
  SINCE JUL 1   7184                      7878   -694     8194

 COOLING
  TODAY            0                         0      0        0
  MONTH TO DATE    0                         0      0        0
  SINCE MAR 1      0                         0      0        0
  SINCE JAN 1      0                         0      0        0
..................................................................


WIND (MPH)
  HIGHEST WIND SPEED    16   HIGHEST WIND DIRECTION    SE (150)
  HIGHEST GUST SPEED    23   HIGHEST GUST DIRECTION    SE (140)
  AVERAGE WIND SPEED     5.6


SKY COVER
  AVERAGE SKY COVER 0.2


WEATHER CONDITIONS
 THE FOLLOWING WEATHER WAS RECORDED TODAY.
  NO SIGNIFICANT WEATHER WAS OBSERVED.


RELATIVE HUMIDITY (PERCENT)
 HIGHEST    85           500 AM
 LOWEST     20           200 PM
 AVERAGE    53

..........................................................


THE CUT BANK MT CLIMATE NORMALS FOR TOMORROW
                         NORMAL    RECORD    YEAR
 MAXIMUM TEMPERATURE (F)   59        81      1992
 MINIMUM TEMPERATURE (F)   34        12      1967


SUNRISE AND SUNSET
MAY  3 2015...........SUNRISE   607 AM MDT   SUNSET   847 PM MDT
MAY  4 2015...........SUNRISE   605 AM MDT   SUNSET   848 PM MDT


-  INDICATES NEGATIVE NUMBERS.
R  INDICATES RECORD WAS SET OR TIED.
MM INDICATES DATA IS MISSING.
T  INDICATES TRACE AMOUNT.




$$
