000
CDUS41 KILN 260528
CLICVG


CLIMATE REPORT
NATIONAL WEATHER SERVICE WILMINGTON OH
127 AM EDT SUN APR 26 2015


...................................

...THE CINCINNATI OH CLIMATE SUMMARY FOR APRIL 25 2015...

CLIMATE NORMAL PERIOD 1981 TO 2010
CLIMATE RECORD PERIOD 1869 TO 2015


WEATHER ITEM   OBSERVED TIME   RECORD YEAR NORMAL DEPARTURE LAST
                VALUE   (LST)  VALUE       VALUE  FROM      YEAR
                                                  NORMAL
..................................................................
TEMPERATURE (F)
 YESTERDAY
  MAXIMUM         55   1220 AM  87    1954  68    -13       66
  MINIMUM         43    356 PM  26    1919  47     -4       49
  AVERAGE         49                        57     -8       58

PRECIPITATION (IN)
  YESTERDAY        0.67          1.44 1880   0.13   0.54     0.20
  MONTH TO DATE    5.00                      3.20   1.80     5.04
  SINCE MAR 1     11.32                      7.16   4.16     7.45
  SINCE JAN 1     15.47                     12.97   2.50    12.99

SNOWFALL (IN)
  YESTERDAY        0.0           0.0    MM   0.0    0.0      0.0
  MONTH TO DATE    0.0                       0.5   -0.5      0.6
  SINCE MAR 1      4.9                       3.5    1.4      3.9
  SINCE JUL 1     29.9                      22.1    7.8     47.5
  SNOW DEPTH       0

DEGREE DAYS
 HEATING
  YESTERDAY       16                         8      8        7
  MONTH TO DATE  213                       303    -90      261
  SINCE MAR 1    918                       969    -51     1043
  SINCE JUL 1   5145                      4796    349     5287

 COOLING
  YESTERDAY        0                         1     -1        0
  MONTH TO DATE    5                        13     -8        7
  SINCE MAR 1      5                        13     -8        7
  SINCE JAN 1      5                        13     -8        7
..................................................................


WIND (MPH)
  RESULTANT WIND SPEED  12   RESULTANT WIND DIRECTION   E (70)
  HIGHEST WIND SPEED    23   HIGHEST WIND DIRECTION     E (70)
  HIGHEST GUST SPEED    29   HIGHEST GUST DIRECTION    NE (50)
  AVERAGE WIND SPEED    11.7


SKY COVER
  POSSIBLE SUNSHINE  MM
  AVERAGE SKY COVER 1.0


WEATHER CONDITIONS
 THE FOLLOWING WEATHER WAS RECORDED YESTERDAY.
  HEAVY RAIN
  RAIN
  LIGHT RAIN
  FOG


RELATIVE HUMIDITY (PERCENT)
 HIGHEST   100           700 PM
 LOWEST     41          1200 AM
 AVERAGE    71

..........................................................


THE CINCINNATI OH CLIMATE NORMALS FOR TODAY
                         NORMAL    RECORD    YEAR
 MAXIMUM TEMPERATURE (F)   68        89      1915
 MINIMUM TEMPERATURE (F)   47        29      1919


SUNRISE AND SUNSET
APRIL 26 2015.........SUNRISE   647 AM EDT   SUNSET   826 PM EDT
APRIL 27 2015.........SUNRISE   646 AM EDT   SUNSET   827 PM EDT


-  INDICATES NEGATIVE NUMBERS.
R  INDICATES RECORD WAS SET OR TIED.
MM INDICATES DATA IS MISSING.
T  INDICATES TRACE AMOUNT.




$$
