000
CDUS41 KRNK 180610
CLIDAN


CLIMATE REPORT
NATIONAL WEATHER SERVICE BLACKSBURG VA
208 AM EDT SAT APR 18 2015


...................................

...THE DANVILLE VA CLIMATE SUMMARY FOR APRIL 17 2015...

CLIMATE NORMAL PERIOD 1981 TO 2010
CLIMATE RECORD PERIOD 1948 TO 2015


WEATHER ITEM   OBSERVED TIME   RECORD YEAR NORMAL DEPARTURE LAST
                VALUE   (LST)  VALUE       VALUE  FROM      YEAR
                                                  NORMAL
..................................................................
TEMPERATURE (F)
 YESTERDAY
  MAXIMUM         80    344 PM  93    2002  71      9       63
  MINIMUM         56    657 AM  28    1962  47      9       30
  AVERAGE         68                        59      9

PRECIPITATION (IN)
  YESTERDAY        0.01          2.50 1998   0.10  -0.09     0.00
  MONTH TO DATE    1.83                      2.02  -0.19     2.93
  SINCE MAR 1      3.95                      6.13  -2.18     6.13
  SINCE JAN 1      7.74                     12.56  -4.82    11.25

SNOWFALL (IN)
  YESTERDAY        0.0
  MONTH TO DATE    0.0
  SINCE MAR 1      T
  SINCE JUL 1      9.8
  SNOW DEPTH       0

DEGREE DAYS
 HEATING
  YESTERDAY        0                         7     -7
  MONTH TO DATE   79                       159    -80
  SINCE MAR 1    551                       669   -118
  SINCE JUL 1   3645                      3670    -25

 COOLING
  YESTERDAY        3                         1      2
  MONTH TO DATE   22                        16      6
  SINCE MAR 1     22                        19      3
  SINCE JAN 1     22                        19      3
..................................................................


WIND (MPH)
  HIGHEST WIND SPEED     9   HIGHEST WIND DIRECTION     S (200)
  HIGHEST GUST SPEED    13   HIGHEST GUST DIRECTION    SW (210)
  AVERAGE WIND SPEED     3.5


SKY COVER
  POSSIBLE SUNSHINE  MM
  AVERAGE SKY COVER 0.7


WEATHER CONDITIONS
 THE FOLLOWING WEATHER WAS RECORDED YESTERDAY.
  LIGHT RAIN
  FOG


RELATIVE HUMIDITY (PERCENT)
 HIGHEST    93           100 AM
 LOWEST     48           300 PM
 AVERAGE    71

..........................................................


THE DANVILLE VA CLIMATE NORMALS FOR TODAY
                         NORMAL    RECORD    YEAR
 MAXIMUM TEMPERATURE (F)   71        91      2002
 MINIMUM TEMPERATURE (F)   48        30      1951


SUNRISE AND SUNSET
APRIL 18 2015.........SUNRISE   640 AM EDT   SUNSET   754 PM EDT
APRIL 19 2015.........SUNRISE   639 AM EDT   SUNSET   755 PM EDT


-  INDICATES NEGATIVE NUMBERS.
R  INDICATES RECORD WAS SET OR TIED.
MM INDICATES DATA IS MISSING.
T  INDICATES TRACE AMOUNT.

REMARKS:
DUE TO EQUIPMENT FAILURE RESULTING IN MISSING TEMPERATURE DATA ON
FEBRUARY 15...THE SEASONAL TOTAL AND DEPARTURE FROM NORMAL FOR HDD
WILL BE CALCULATED WITHOUT DATA FROM THIS DATE. ALSO...DUE TO A
TIPPING BUCKET FAILURE RESULTING IN MISSING PRECIPITATION DATA ON
MARCH 14 AND 19-20...THE SEASONAL AND ANNUAL TOTALS AND DEPARTURES
FROM NORMAL FOR PRECIPITATION WILL BE CALCULATED WITHOUT DATA FROM
THOSE DATES.

$$

MBS
