000
CDUS45 KBOU 281227
CLIDEN


CLIMATE REPORT
NATIONAL WEATHER SERVICE DENVER CO
627 AM MDT TUE APR 28 2015


...................................

...THE DENVER CO CLIMATE SUMMARY FOR APRIL 28 2015...
VALID AS OF 0600 AM LOCAL TIME.

CLIMATE NORMAL PERIOD 1981 TO 2010
CLIMATE RECORD PERIOD 1872 TO 2015


WEATHER ITEM   OBSERVED TIME   RECORD YEAR NORMAL DEPARTURE LAST
                VALUE   (LST)  VALUE       VALUE  FROM      YEAR
                                                  NORMAL
..................................................................
TEMPERATURE (F)
 TODAY
  MAXIMUM         43    303 AM  86    1910  65    -22       56
  MINIMUM         40    229 AM  24    1917  37      3       34
  AVERAGE         42                        51     -9       45

PRECIPITATION (IN)
  TODAY            0.00          0.44 1950   0.07  -0.07     0.00
  MONTH TO DATE    2.64                      1.57   1.07     1.24
  SINCE MAR 1      3.43                      2.49   0.94     2.07
  SINCE JAN 1      5.06                      3.27   1.79     3.20

..................................................................


WIND (MPH)
  HIGHEST WIND SPEED     9   HIGHEST WIND DIRECTION     N (350)
  HIGHEST GUST SPEED    10   HIGHEST GUST DIRECTION     N (350)
  AVERAGE WIND SPEED     4.0




RELATIVE HUMIDITY (PERCENT)
 HIGHEST    93           100 AM
 LOWEST     82           300 AM
 AVERAGE    88

..........................................................


THE DENVER CO CLIMATE NORMALS FOR TOMORROW
                         NORMAL    RECORD    YEAR
 MAXIMUM TEMPERATURE (F)   65        83      1948
 MINIMUM TEMPERATURE (F)   37        12      1877


SUNRISE AND SUNSET
APRIL 28 2015.........SUNRISE   603 AM MST   SUNSET   749 PM MST
APRIL 29 2015.........SUNRISE   602 AM MST   SUNSET   750 PM MST


-  INDICATES NEGATIVE NUMBERS.
R  INDICATES RECORD WAS SET OR TIED.
MM INDICATES DATA IS MISSING.
T  INDICATES TRACE AMOUNT.




$$
