000
CDUS44 KFWD 050658
CLIDFW


CLIMATE REPORT
NATIONAL WEATHER SERVICE FORT WORTH TX
155 AM CDT TUE MAY 5 2015

...................................

...THE DALLAS FORT WORTH CLIMATE SUMMARY FOR MAY 4 2015...

CLIMATE NORMAL PERIOD 1981 TO 2010
CLIMATE RECORD PERIOD 1898 TO 2015


WEATHER ITEM   OBSERVED TIME   RECORD YEAR NORMAL DEPARTURE LAST
                VALUE   (LST)  VALUE       VALUE  FROM      YEAR
                                                  NORMAL
..................................................................
TEMPERATURE (F)
 YESTERDAY
  MAXIMUM         81    330 PM 100    1947  80      1       96
  MINIMUM         65    615 AM  39    2013  61      4       61
  AVERAGE         73                        70      3       79

PRECIPITATION (IN)
  YESTERDAY        0.00          3.51 1935   0.15  -0.15     0.00
  MONTH TO DATE    0.00                      0.61  -0.61     0.00
  SINCE MAR 1      8.09                      7.17   0.92     3.19
  SINCE JAN 1     14.67                     11.96   2.71     3.93

DEGREE DAYS
 HEATING
  YESTERDAY        0                         1     -1        0
  MONTH TO DATE    0                         4     -4        6
  SINCE MAR 1    357                       348      9      427
  SINCE JUL 1   2393                      2280    113     2600

 COOLING
  YESTERDAY        8                         6      2       14
  MONTH TO DATE   21                        23     -2       21
  SINCE MAR 1    144                       154    -10      188
  SINCE JAN 1    144                       161    -17      188
..................................................................


WIND (MPH)
  HIGHEST WIND SPEED    23   HIGHEST WIND DIRECTION    SE (140)
  HIGHEST GUST SPEED    27   HIGHEST GUST DIRECTION    SE (140)
  AVERAGE WIND SPEED    13.1


SKY COVER
  POSSIBLE SUNSHINE  MM
  AVERAGE SKY COVER 0.7


WEATHER CONDITIONS
 THE FOLLOWING WEATHER WAS RECORDED YESTERDAY.
  NO SIGNIFICANT WEATHER WAS OBSERVED.


RELATIVE HUMIDITY (PERCENT)
 HIGHEST    87           300 AM
 LOWEST     46           700 PM
 AVERAGE    67

..........................................................


THE DALLAS FORT WORTH CLIMATE NORMALS FOR TODAY
                         NORMAL    RECORD    YEAR
 MAXIMUM TEMPERATURE (F)   81        95      1984
 MINIMUM TEMPERATURE (F)   61        44      1935
                                             1917


SUNRISE AND SUNSET
MAY  5 2015...........SUNRISE   637 AM CDT   SUNSET   813 PM CDT
MAY  6 2015...........SUNRISE   636 AM CDT   SUNSET   814 PM CDT


-  INDICATES NEGATIVE NUMBERS.
R  INDICATES RECORD WAS SET OR TIED.
MM INDICATES DATA IS MISSING.
T  INDICATES TRACE AMOUNT.

$$
