000
CDUS42 KCAE 272130
CLIDNL


CLIMATE REPORT
NATIONAL WEATHER SERVICE COLUMBIA SC
529 PM EDT MON APR 27 2015


...................................

...THE AUGUSTA DANIEL FIELD GA CLIMATE SUMMARY FOR APRIL 27 2015...
VALID TODAY AS OF 0500 PM LOCAL TIME.

CLIMATE NORMAL PERIOD 1981 TO 2010
CLIMATE RECORD PERIOD 9999 TO 9999


WEATHER ITEM   OBSERVED TIME   NORMAL DEPARTURE LAST
                VALUE   (LST)  VALUE  FROM      YEAR
                                      NORMAL
......................................................
TEMPERATURE (F)
 TODAY
  MAXIMUM         74    327 PM  78     -4       87
  MINIMUM         55    704 AM  56     -1       59
  AVERAGE         65            67     -2

PRECIPITATION (IN)
  TODAY            0.00          0.05  -0.05     0.00
  MONTH TO DATE    3.07          2.78   0.29     4.14
  SINCE MAR 1      5.66          7.09  -1.43     6.82
  SINCE JAN 1     10.59         15.33  -4.74    13.11

DEGREE DAYS
 HEATING
  TODAY            0             2     -2        0
  MONTH TO DATE   15            93    -78       66
  SINCE MAR 1    173           343   -170      386
  SINCE JUL 1   2028          2156   -128     2222

 COOLING
  TODAY            0             4     -4        8
  MONTH TO DATE  148            62     86      100
  SINCE MAR 1    191            84    107      105
  SINCE JAN 1    191            88    103      113
......................................................


WIND (MPH)
  HIGHEST WIND SPEED    14   HIGHEST WIND DIRECTION    NE (50)
  HIGHEST GUST SPEED    20   HIGHEST GUST DIRECTION     N (350)
  AVERAGE WIND SPEED     7.0


SKY COVER
  AVERAGE SKY COVER 0.6


WEATHER CONDITIONS
 THE FOLLOWING WEATHER WAS RECORDED TODAY.
  NO SIGNIFICANT WEATHER WAS OBSERVED.


RELATIVE HUMIDITY (PERCENT)
 HIGHEST    77           300 AM
 LOWEST     33           300 PM

..........................................................


THE AUGUSTA DANIEL FIELD GA CLIMATE NORMALS FOR TOMORROW
                         NORMAL
 MAXIMUM TEMPERATURE (F)   79
 MINIMUM TEMPERATURE (F)   56


SUNRISE AND SUNSET
APRIL 27 2015.........SUNRISE   644 AM EDT   SUNSET   808 PM EDT
APRIL 28 2015.........SUNRISE   643 AM EDT   SUNSET   809 PM EDT


-  INDICATES NEGATIVE NUMBERS.
R  INDICATES RECORD WAS SET OR TIED.
MM INDICATES DATA IS MISSING.
T  INDICATES TRACE AMOUNT.




$$
