000
CDUS43 KDVN 192123
CLIDVN


CLIMATE REPORT
NATIONAL WEATHER SERVICE QUAD CITIES IA IL
421 PM CDT SUN APR 19 2015


...................................

...THE DAVENPORT IA CLIMATE SUMMARY FOR APRIL 19 2015...
VALID TODAY AS OF 0400 PM LOCAL TIME.

CLIMATE NORMAL PERIOD 1981 TO 2010
CLIMATE RECORD PERIOD 9999 TO 9999


WEATHER ITEM   OBSERVED TIME   RECORD YEAR NORMAL DEPARTURE LAST
                VALUE   (LST)  VALUE       VALUE  FROM      YEAR
                                                  NORMAL
..................................................................
TEMPERATURE (F)
 TODAY
  MAXIMUM         76    203 PM  MM      MM  63     13       75
  MINIMUM         48    454 AM  MM      MM  40      8       36
  AVERAGE         62                        52     10       56

PRECIPITATION (IN)
  TODAY            0.00         MM      MM   0.11  -0.11     0.00
  MONTH TO DATE    0.72                      1.96  -1.24     1.56
  SINCE MAR 1      1.58                      4.48  -2.90     2.08
  SINCE JAN 1      4.15                      7.01  -2.86     4.87

SNOWFALL (IN)
  TODAY            0.0          MM      MM  MM     MM        0.0
  MONTH TO DATE    T                        MM     MM         T
  SINCE MAR 1      0.3                      MM     MM        7.4
  SINCE JUL 1     32.5                      MM     MM       50.2
  SNOW DEPTH       0

DEGREE DAYS
 HEATING
  TODAY            3                        14    -11        9
  MONTH TO DATE  217                       318   -101      354
  SINCE MAR 1   1098                      1151    -53     1391
  SINCE JUL 1   6594                      6176    418     7254

 COOLING
  TODAY            0                         0      0        0
  MONTH TO DATE    1                         0      1        3
  SINCE MAR 1      1                         0      1        3
  SINCE JAN 1      1                         0      1        3
..................................................................


WIND (MPH)
  HIGHEST WIND SPEED    23   HIGHEST WIND DIRECTION    SE (130)
  HIGHEST GUST SPEED    29   HIGHEST GUST DIRECTION    SE (130)
  AVERAGE WIND SPEED    10.0


SKY COVER
  POSSIBLE SUNSHINE  MM
  AVERAGE SKY COVER 0.3


WEATHER CONDITIONS
 THE FOLLOWING WEATHER WAS RECORDED TODAY.
  NO SIGNIFICANT WEATHER WAS OBSERVED.


RELATIVE HUMIDITY (PERCENT)
 HIGHEST    68           600 AM
 LOWEST     36           100 PM
 AVERAGE    52

..........................................................


THE DAVENPORT IA CLIMATE NORMALS FOR TOMORROW
                         NORMAL    RECORD    YEAR
 MAXIMUM TEMPERATURE (F)   63        MM        MM
 MINIMUM TEMPERATURE (F)   41        MM        MM


SUNRISE AND SUNSET
APRIL 19 2015.........SUNRISE   617 AM CDT   SUNSET   747 PM CDT
APRIL 20 2015.........SUNRISE   615 AM CDT   SUNSET   748 PM CDT


-  INDICATES NEGATIVE NUMBERS.
R  INDICATES RECORD WAS SET OR TIED.
MM INDICATES DATA IS MISSING.
T  INDICATES TRACE AMOUNT.




$$
