000
CDUS46 KOTX 260840
CLIEAT


CLIMATE REPORT
NATIONAL WEATHER SERVICE SPOKANE, WA
140 AM PDT SUN APR 26 2015


...................................

...THE WENATCHEE WA PANGBORN FIELD CLIMATE SUMMARY FOR APRIL 25 2015...

CLIMATE NORMAL PERIOD 1981 TO 2010
CLIMATE RECORD PERIOD 1959 TO 2015


WEATHER ITEM   OBSERVED TIME   RECORD YEAR NORMAL DEPARTURE LAST
                VALUE   (LST)  VALUE       VALUE  FROM      YEAR
                                                  NORMAL
..................................................................
TEMPERATURE (F)
 YESTERDAY
  MAXIMUM         57    153 PM  82    1977  65     -8       61
  MINIMUM         40    519 AM  32    2008  43     -3       45
  AVERAGE         49                        54     -5       53

PRECIPITATION (IN)
  YESTERDAY        T             0.65 1960   0.02  -0.02     0.00
  MONTH TO DATE    0.30                      0.39  -0.09     0.24
  SINCE OCT 1      5.66                      5.85  -0.19     2.69
  SINCE JAN 1      2.48                      2.90  -0.42     2.13

SNOWFALL (IN)
  YESTERDAY       MM

DEGREE DAYS
 HEATING
  YESTERDAY       16                        12      4       12
  MONTH TO DATE  325                       349    -24      279
  SINCE MAR 1    762                       997   -235      923
  SINCE JUL 1   4391                      5461  -1070     5493

 COOLING
  YESTERDAY        0                         0      0        0
  MONTH TO DATE    0                         0      0        0
  SINCE MAR 1      0                         2     -2        0
  SINCE JAN 1      0                         2     -2        0
..................................................................


WIND (MPH)
  HIGHEST WIND SPEED    21   HIGHEST WIND DIRECTION    NW (320)
  HIGHEST GUST SPEED    26   HIGHEST GUST DIRECTION    NW (310)
  AVERAGE WIND SPEED     8.8


SKY COVER
  POSSIBLE SUNSHINE  MM
  AVERAGE SKY COVER 0.3


WEATHER CONDITIONS
 THE FOLLOWING WEATHER WAS RECORDED YESTERDAY.
  NO SIGNIFICANT WEATHER WAS OBSERVED.


RELATIVE HUMIDITY (PERCENT)
 HIGHEST    62           400 AM
 LOWEST     27           200 PM
 AVERAGE    45

..........................................................


THE WENATCHEE WA PANGBORN FIELD CLIMATE NORMALS FOR TODAY
                         NORMAL    RECORD    YEAR
 MAXIMUM TEMPERATURE (F)   65        82      2005
                                             1992
 MINIMUM TEMPERATURE (F)   43        32      1970


SUNRISE AND SUNSET
APRIL 26 2015.........SUNRISE   553 AM PDT   SUNSET   805 PM PDT
APRIL 27 2015.........SUNRISE   551 AM PDT   SUNSET   807 PM PDT


-  INDICATES NEGATIVE NUMBERS.
R  INDICATES RECORD WAS SET OR TIED.
MM INDICATES DATA IS MISSING.
T  INDICATES TRACE AMOUNT.




$$
