000
CDUS42 KAKQ 070532
CLIECG


CLIMATE REPORT
NATIONAL WEATHER SERVICE WAKEFIELD, VA
132 AM EDT THU MAY 7 2015


...................................

...THE ELIZABETH CITY NC CLIMATE SUMMARY FOR MAY 6 2015...

CLIMATE NORMAL PERIOD 1981 TO 2010
CLIMATE RECORD PERIOD 1934 TO 2015


WEATHER ITEM   OBSERVED TIME   RECORD YEAR NORMAL DEPARTURE LAST
                VALUE   (LST)  VALUE       VALUE  FROM      YEAR
                                                  NORMAL
..................................................................
TEMPERATURE (F)
 YESTERDAY
  MAXIMUM         75    311 PM  92    1950  74      1       67
  MINIMUM         54    459 AM  42    1957  53      1       57
  AVERAGE         65                        64      1       62

PRECIPITATION (IN)
  YESTERDAY        0.00          3.17 2005   0.11  -0.11     0.00
  MONTH TO DATE    0.01                      0.62  -0.61     0.11
  SINCE MAR 1      7.09                      7.74  -0.65     8.60
  SINCE JAN 1     13.89                     14.18  -0.29    12.74

SNOWFALL (IN)
  YESTERDAY        0.0           0.0  2002  MM     MM
  MONTH TO DATE    0.0                      MM     MM
  SINCE NOV 1      T                        MM     MM
  SINCE JUL 1      T                        MM     MM
  SNOW DEPTH       0

DEGREE DAYS
 HEATING
  YESTERDAY        0                         4     -4        3
  MONTH TO DATE   20                        24     -4        7
  SINCE MAR 1    692                       713    -21      745
  SINCE JUL 1   3226                      3185     41     3320

 COOLING
  YESTERDAY        0                         2     -2        0
  MONTH TO DATE    6                        12     -6       10
  SINCE MAR 1     39                        52    -13       39
  SINCE JAN 1     41                        54    -13       39
..................................................................


WIND (MPH)
  HIGHEST WIND SPEED    14   HIGHEST WIND DIRECTION    SE (120)
  HIGHEST GUST SPEED    17   HIGHEST GUST DIRECTION    SE (130)
  AVERAGE WIND SPEED     5.1


SKY COVER
  POSSIBLE SUNSHINE  MM
  AVERAGE SKY COVER 0.0


WEATHER CONDITIONS
 THE FOLLOWING WEATHER WAS RECORDED YESTERDAY.
  FOG
  FOG W/VISIBILITY <= 1/4 MILE


RELATIVE HUMIDITY (PERCENT)
 HIGHEST   100           500 AM
 LOWEST     53          1100 AM
 AVERAGE    77

..........................................................


THE ELIZABETH CITY NC CLIMATE NORMALS FOR TODAY
                         NORMAL    RECORD    YEAR
 MAXIMUM TEMPERATURE (F)   74        94      1986
 MINIMUM TEMPERATURE (F)   54        33      1997


SUNRISE AND SUNSET
MAY  7 2015...........SUNRISE   606 AM EDT   SUNSET   757 PM EDT
MAY  8 2015...........SUNRISE   605 AM EDT   SUNSET   758 PM EDT


-  INDICATES NEGATIVE NUMBERS.
R  INDICATES RECORD WAS SET OR TIED.
MM INDICATES DATA IS MISSING.
T  INDICATES TRACE AMOUNT.




$$
