000
CDUS46 KEKA 191212
CLIEKA


CLIMATE REPORT
NATIONAL WEATHER SERVICE EUREKA CA
512 AM PDT SUN APR 19 2015


...................................

...THE EUREKA CA CLIMATE SUMMARY FOR APRIL 18 2015...

CLIMATE NORMAL PERIOD 1981 TO 2010
CLIMATE RECORD PERIOD 1886 TO 2015


WEATHER ITEM   OBSERVED RECORD YEAR NORMAL DEPARTURE LAST
                VALUE   VALUE       VALUE  FROM      YEAR
                                           NORMAL
...........................................................
TEMPERATURE (F)
 YESTERDAY
  MAXIMUM         57     73    1918  58     -1       57
  MINIMUM         48     35    1967  44      4       47
  AVERAGE         53                 51      2       52

PRECIPITATION (IN)
  YESTERDAY        0.00   2.30 1925   0.11  -0.11     0.00
  MONTH TO DATE    2.50               2.21   0.29     0.33
  SINCE OCT 1     30.49              35.61  -5.12    15.92
  SINCE JAN 1     12.11              19.64  -7.53    14.02

SNOWFALL (IN)
  YESTERDAY        0.0    0.0  2002   0.0    0.0      0.0
                               2001
  MONTH TO DATE    T                  0.0    0.0      0.0
  SINCE MAR 1      T                  0.0    0.0      0.0
  SINCE JUL 1      T                  0.2   -0.2       T
  SNOW DEPTH       0

DEGREE DAYS
 HEATING
  YESTERDAY       12                 14     -2       13
  MONTH TO DATE  275                263     12      238
  SINCE MAR 1    670                739    -69      648
  SINCE JUL 1   2825               3661   -836     3739

 COOLING
  YESTERDAY        0                  0      0        0
  MONTH TO DATE    0                  0      0        0
  SINCE MAR 1      0                  0      0        0
  SINCE JAN 1      0                  0      0        0
...........................................................


WIND (MPH)
  HIGHEST WIND SPEED     8   HIGHEST WIND DIRECTION    NW (330)
  HIGHEST GUST SPEED    14   HIGHEST GUST DIRECTION    NW (330)
  AVERAGE WIND SPEED     2.6


SKY COVER
  AVERAGE SKY COVER 0.5


WEATHER CONDITIONS
 THE FOLLOWING WEATHER WAS RECORDED YESTERDAY.
  FOG
  HAZE


..........................................................


THE EUREKA CA CLIMATE NORMALS FOR TODAY
                         NORMAL    RECORD    YEAR
 MAXIMUM TEMPERATURE (F)   58        79      1918
 MINIMUM TEMPERATURE (F)   44        34      1896


SUNRISE AND SUNSET
APRIL 19 2015.........SUNRISE   632 AM PDT   SUNSET   800 PM PDT
APRIL 20 2015.........SUNRISE   631 AM PDT   SUNSET   801 PM PDT


-  INDICATES NEGATIVE NUMBERS.
R  INDICATES RECORD WAS SET OR TIED.
MM INDICATES DATA IS MISSING.
T  INDICATES TRACE AMOUNT.




&&

..........................................................

TOTAL SEASON     NORMAL   % OF NORMAL     LAST SEASON

    30.49         35.61        86            15.92


$$
