000
CDUS45 KLKN 190931
CLIEKO


CLIMATE REPORT
NATIONAL WEATHER SERVICE ELKO NV
228 AM PDT SUN APR 19 2015


...................................

...THE ELKO AIRPORT NV CLIMATE SUMMARY FOR APRIL 18 2015...

CLIMATE NORMAL PERIOD 1981 TO 2010
CLIMATE RECORD PERIOD 1888 TO 2015


WEATHER ITEM   OBSERVED TIME   RECORD YEAR NORMAL DEPARTURE LAST
                VALUE   (LST)  VALUE       VALUE  FROM      YEAR
                                                  NORMAL
..................................................................
TEMPERATURE (F)
 YESTERDAY
  MAXIMUM         71    210 PM  81    1962  60     11       66
  MINIMUM         28    443 AM  15    2013  31     -3       38
                                      1970
  AVERAGE         50                        46      4       52

PRECIPITATION (IN)
  YESTERDAY        0.00          0.61 1890   0.04  -0.04     0.00
  MONTH TO DATE    0.40                      0.58  -0.18     0.30
  SINCE OCT 1      3.29                      6.60  -3.31     5.54
  SINCE JAN 1      1.05                      3.54  -2.49     3.93

SNOWFALL (IN)
  YESTERDAY        0.0           3.2  1971   0.1   -0.1      0.0
  MONTH TO DATE    2.2                       2.4   -0.2      2.6
  SINCE MAR 1      2.9                       7.5   -4.6      7.9
  SINCE JUL 1     12.3                      40.0  -27.7     20.2
  SNOW DEPTH       0

DEGREE DAYS
 HEATING
  YESTERDAY       15                        19     -4       13
  MONTH TO DATE  396                       382     14      347
  SINCE MAR 1   1028                      1191   -163     1105
  SINCE JUL 1   5036                      6359  -1323     5836

 COOLING
  YESTERDAY        0                         0      0        0
  MONTH TO DATE    0                         0      0        0
  SINCE MAR 1      0                         0      0        0
  SINCE JAN 1      0                         0      0        0
..................................................................


WIND (MPH)
  HIGHEST WIND SPEED    24   HIGHEST WIND DIRECTION    NW (310)
  HIGHEST GUST SPEED    29   HIGHEST GUST DIRECTION    NW (320)
  AVERAGE WIND SPEED     6.6



WEATHER CONDITIONS
 THE FOLLOWING WEATHER WAS RECORDED YESTERDAY.
  NO SIGNIFICANT WEATHER WAS OBSERVED.


RELATIVE HUMIDITY (PERCENT)
 HIGHEST    63           500 AM
 LOWEST     12          1200 PM
 AVERAGE    38

..........................................................


THE ELKO AIRPORT NV CLIMATE NORMALS FOR TODAY
                         NORMAL    RECORD    YEAR
 MAXIMUM TEMPERATURE (F)   60        83      1962
 MINIMUM TEMPERATURE (F)   31        14      1895


SUNRISE AND SUNSET
APRIL 19 2015.........SUNRISE   559 AM PDT   SUNSET   727 PM PDT
APRIL 20 2015.........SUNRISE   557 AM PDT   SUNSET   728 PM PDT


-  INDICATES NEGATIVE NUMBERS.
R  INDICATES RECORD WAS SET OR TIED.
MM INDICATES DATA IS MISSING.
T  INDICATES TRACE AMOUNT.




$$
