000
CDUS43 KTOP 190637
CLIEMP


CLIMATE REPORT
NATIONAL WEATHER SERVICE TOPEKA KS
136 AM CDT SUN APR 19 2015


...................................

...THE EMPORIA KS CLIMATE SUMMARY FOR APRIL 18 2015...

CLIMATE NORMAL PERIOD 1981 TO 2010
CLIMATE RECORD PERIOD 9999 TO 9999


WEATHER ITEM   OBSERVED NORMAL DEPARTURE LAST
                VALUE   VALUE  FROM      YEAR
                               NORMAL
...............................................
TEMPERATURE (F)
 YESTERDAY
  MAXIMUM         68     69     -1       69
  MINIMUM         53     45      8       29
  AVERAGE         61     57      4       49

PRECIPITATION (IN)
  YESTERDAY        0.93   0.12   0.81     0.00
  MONTH TO DATE    3.39   1.65   1.74     0.51
  SINCE MAR 1      3.97   4.18  -0.21     0.92
  SINCE JAN 1      5.37   6.04  -0.67     1.41

DEGREE DAYS
 HEATING
  YESTERDAY        4      9     -5       16
  MONTH TO DATE  123    211    -88      252
  SINCE MAR 1    654    821   -167      991
  SINCE JUL 1   4655   4643     12     5316

 COOLING
  YESTERDAY        0      1     -1        0
  MONTH TO DATE    5     12     -7        5
  SINCE MAR 1      6     14     -8        5
  SINCE JAN 1      6     14     -8        5
...............................................


WIND (MPH)
  HIGHEST WIND SPEED    21   HIGHEST WIND DIRECTION    NW (310)
  HIGHEST GUST SPEED    28   HIGHEST GUST DIRECTION    NW (300)
  AVERAGE WIND SPEED     8.7


SKY COVER
  AVERAGE SKY COVER 0.5


WEATHER CONDITIONS
 THE FOLLOWING WEATHER WAS RECORDED YESTERDAY.
  THUNDERSTORM
  HEAVY RAIN
  RAIN
  LIGHT RAIN
  FOG


RELATIVE HUMIDITY (PERCENT)
 HIGHEST    93
 LOWEST     63
 AVERAGE    78

..........................................................


THE EMPORIA KS CLIMATE NORMALS FOR TODAY
                         NORMAL
 MAXIMUM TEMPERATURE (F)   69
 MINIMUM TEMPERATURE (F)   45


SUNRISE AND SUNSET
APRIL 19 2015.........SUNRISE   644 AM CDT   SUNSET   805 PM CDT
APRIL 20 2015.........SUNRISE   642 AM CDT   SUNSET   806 PM CDT


-  INDICATES NEGATIVE NUMBERS.
R  INDICATES RECORD WAS SET OR TIED.
MM INDICATES DATA IS MISSING.
T  INDICATES TRACE AMOUNT.




$$
