000
CDUS46 KPQR 270222
CLIEUG


CLIMATE REPORT
NATIONAL WEATHER SERVICE PORTLAND OREGON
722 PM PDT SUN APR 26 2015


...................................

...THE EUGENE OR CLIMATE SUMMARY FOR APRIL 26 2015...
VALID TODAY AS OF 0700 PM LOCAL TIME.

CLIMATE NORMAL PERIOD 1981 TO 2010
CLIMATE RECORD PERIOD 1892 TO 2015


WEATHER ITEM   OBSERVED TIME   RECORD YEAR NORMAL DEPARTURE LAST
                VALUE   (LST)  VALUE       VALUE  FROM      YEAR
                                                  NORMAL
..................................................................
TEMPERATURE (F)
 TODAY
  MAXIMUM         62   1245 PM  86    1947  63     -1       58
  MINIMUM         36    357 AM  30    1943  41     -5       34
  AVERAGE         49                        52     -3       46

PRECIPITATION (IN)
  TODAY            T             0.63 2010   0.09  -0.09     0.18
  MONTH TO DATE    1.47                      2.99  -1.52     2.25
  SINCE OCT 1     28.24                     39.08 -10.84    23.52
  SINCE JAN 1     11.19                     20.28  -9.09    19.33

SNOWFALL (IN)
  TODAY           MM
  MONTH TO DATE    0.0
  SINCE MAR 1      0.0
  SINCE JUL 1      0.0

DEGREE DAYS
 HEATING
  TODAY           16                        13      3       19
  MONTH TO DATE  411                       394     17      338
  SINCE MAR 1    843                       963   -120      823
  SINCE JUL 1   3405                      4290   -885     4390

 COOLING
  TODAY            0                         0      0        0
  MONTH TO DATE    0                         0      0        0
  SINCE MAR 1      0                         0      0        0
  SINCE JAN 1      0                         0      0        0
..................................................................


WIND (MPH)
  HIGHEST WIND SPEED    13   HIGHEST WIND DIRECTION    SW (230)
  HIGHEST GUST SPEED    16   HIGHEST GUST DIRECTION    SW (220)
  AVERAGE WIND SPEED     5.3


SKY COVER
  POSSIBLE SUNSHINE  MM
  AVERAGE SKY COVER 0.8


WEATHER CONDITIONS
 THE FOLLOWING WEATHER WAS RECORDED TODAY.
  LIGHT RAIN
  FOG


RELATIVE HUMIDITY (PERCENT)
 HIGHEST   100           400 AM
 LOWEST     46          1200 PM
 AVERAGE    73

..........................................................


THE EUGENE OR CLIMATE NORMALS FOR TOMORROW
                         NORMAL    RECORD    YEAR
 MAXIMUM TEMPERATURE (F)   63        88      1926
 MINIMUM TEMPERATURE (F)   41        30      1948


SUNRISE AND SUNSET
APRIL 26 2015.........SUNRISE   612 AM PDT   SUNSET   810 PM PDT
APRIL 27 2015.........SUNRISE   610 AM PDT   SUNSET   811 PM PDT


-  INDICATES NEGATIVE NUMBERS.
R  INDICATES RECORD WAS SET OR TIED.
MM INDICATES DATA IS MISSING.
T  INDICATES TRACE AMOUNT.




$$
