000
CDUS43 KIND 250532
CLIEYE


CLIMATE REPORT
NATIONAL WEATHER SERVICE INDIANAPOLIS IN
131 AM EDT SAT APR 25 2015


...................................

...THE INDIANAPOLIS EAGLE CREEK IN CLIMATE SUMMARY FOR APRIL 24 2015...

CLIMATE NORMAL PERIOD 1981 TO 2010
CLIMATE RECORD PERIOD 9999 TO 9999


WEATHER ITEM   OBSERVED TIME   NORMAL DEPARTURE LAST
                VALUE   (LST)  VALUE  FROM      YEAR
                                      NORMAL
......................................................
TEMPERATURE (F)
 YESTERDAY
  MAXIMUM         61    451 PM  66     -5       66
  MINIMUM         30    626 AM  46    -16       49
  AVERAGE         46            56    -10       58

PRECIPITATION (IN)
  YESTERDAY        0.00          0.15  -0.15     0.00
  MONTH TO DATE    4.49          2.87   1.62     4.53
  SINCE MAR 1      7.56          6.17   1.39     5.51
  SINCE JAN 1     10.04         10.51  -0.47     9.89

DEGREE DAYS
 HEATING
  YESTERDAY       19            10      9        7
  MONTH TO DATE  245           318    -73      323
  SINCE MAR 1   1062          1018     44     1220
  SINCE JUL 1   5748          5143    605     6046

 COOLING
  YESTERDAY        0             1     -1        0
  MONTH TO DATE    4            14    -10        5
  SINCE MAR 1      4            15    -11        5
  SINCE JAN 1      4            15    -11        5
......................................................


WIND (MPH)
  HIGHEST WIND SPEED    10   HIGHEST WIND DIRECTION    SE (140)
  HIGHEST GUST SPEED    15   HIGHEST GUST DIRECTION    SE (150)
  AVERAGE WIND SPEED     4.5


SKY COVER
  AVERAGE SKY COVER 0.4


WEATHER CONDITIONS
 THE FOLLOWING WEATHER WAS RECORDED YESTERDAY.
  NO SIGNIFICANT WEATHER WAS OBSERVED.


RELATIVE HUMIDITY (PERCENT)
 HIGHEST    89           400 AM
 LOWEST     21           300 PM
 AVERAGE    55

..........................................................


THE INDIANAPOLIS EAGLE CREEK IN CLIMATE NORMALS FOR TODAY
                         NORMAL
 MAXIMUM TEMPERATURE (F)   66
 MINIMUM TEMPERATURE (F)   46


SUNRISE AND SUNSET
APRIL 25 2015.........SUNRISE   654 AM EDT   SUNSET   833 PM EDT
APRIL 26 2015.........SUNRISE   652 AM EDT   SUNSET   834 PM EDT


-  INDICATES NEGATIVE NUMBERS.
R  INDICATES RECORD WAS SET OR TIED.
MM INDICATES DATA IS MISSING.
T  INDICATES TRACE AMOUNT.




$$
