000
CDUS43 KFGF 030639
CLIFAR


CLIMATE REPORT
NATIONAL WEATHER SERVICE EASTERN NORTH DAKOTA/GRAND FORKS
139 AM CDT SUN MAY 3 2015


...................................

...THE FARGO HECTOR INTL AP ND CLIMATE SUMMARY FOR MAY 2 2015...

CLIMATE NORMAL PERIOD 1981 TO 2010
CLIMATE RECORD PERIOD 1881 TO 2015


WEATHER ITEM   OBSERVED TIME   RECORD YEAR NORMAL DEPARTURE LAST
                VALUE   (LST)  VALUE       VALUE  FROM      YEAR
                                                  NORMAL
..................................................................
TEMPERATURE (F)
 YESTERDAY
  MAXIMUM         87    310 PM  95    1959  65     22       63
  MINIMUM         51    530 AM  17    1907  40     11       43
  AVERAGE         69                        52     17       53

PRECIPITATION (IN)
  YESTERDAY        0.05          0.91 1927   0.08  -0.03      T
  MONTH TO DATE    0.07                      0.15  -0.08      T
  SINCE MAR 1      1.35                      2.84  -1.49     4.15
  SINCE JAN 1      2.32                      4.15  -1.83     5.03

SNOWFALL (IN)
  YESTERDAY        0.0           5.1  1935   0.0    0.0      0.0
  MONTH TO DATE    0.0                       0.0    0.0      0.0
  SINCE MAR 1      0.4                      12.4  -12.0      7.3
  SINCE JUL 1     16.0                      50.4  -34.4     34.9
  SNOW DEPTH       0

DEGREE DAYS
 HEATING
  YESTERDAY        0                        13    -13       12
  MONTH TO DATE    2                        26    -24       29
  SINCE MAR 1   1499                      1804   -305     2078
  SINCE JUL 1   7915                      8482   -567     9355

 COOLING
  YESTERDAY        4                         0      4        0
  MONTH TO DATE    4                         0      4        0
  SINCE MAR 1      4                         3      1        0
  SINCE JAN 1      4                         3      1        0
..................................................................


WIND (MPH)
  HIGHEST WIND SPEED    37   HIGHEST WIND DIRECTION    NW (320)
  HIGHEST GUST SPEED    46   HIGHEST GUST DIRECTION    SW (230)
  AVERAGE WIND SPEED    14.9


SKY COVER
  POSSIBLE SUNSHINE  MM
  AVERAGE SKY COVER 0.0


WEATHER CONDITIONS
 THE FOLLOWING WEATHER WAS RECORDED YESTERDAY.
  LIGHT RAIN


RELATIVE HUMIDITY (PERCENT)
 HIGHEST    67          1100 PM
 LOWEST     13           300 PM
 AVERAGE    40

..........................................................


THE FARGO HECTOR INTL AP ND CLIMATE NORMALS FOR TODAY
                         NORMAL    RECORD    YEAR
 MAXIMUM TEMPERATURE (F)   65        92      1952
 MINIMUM TEMPERATURE (F)   40        18      1926


SUNRISE AND SUNSET
MAY  3 2015...........SUNRISE   609 AM CDT   SUNSET   840 PM CDT
MAY  4 2015...........SUNRISE   608 AM CDT   SUNSET   841 PM CDT


-  INDICATES NEGATIVE NUMBERS.
R  INDICATES RECORD WAS SET OR TIED.
MM INDICATES DATA IS MISSING.
T  INDICATES TRACE AMOUNT.




$$
