000
CDUS43 KLMK 192041
CLIFFT


CLIMATE REPORT
NATIONAL WEATHER SERVICE LOUISVILLE KY
440 PM EDT SUN APR 19 2015


...................................

...THE FRANKFORT KY CLIMATE SUMMARY FOR APRIL 19 2015...
VALID TODAY AS OF 0400 PM LOCAL TIME.

CLIMATE NORMAL PERIOD 1981 TO 2010
CLIMATE RECORD PERIOD 1895 TO 2015


WEATHER ITEM   OBSERVED TIME   RECORD YEAR NORMAL DEPARTURE LAST
                VALUE   (LST)  VALUE       VALUE  FROM      YEAR
                                                  NORMAL
..................................................................
TEMPERATURE (F)
 TODAY
  MAXIMUM         71    317 PM  92    1914  68      3       73
  MINIMUM         57    745 AM  24    1983  45     12       43
  AVERAGE         64                        56      8       58

PRECIPITATION (IN)
  TODAY            0.37          1.43 1969   0.13   0.24     0.00
  MONTH TO DATE   10.38                      2.16   8.22     3.06
  SINCE MAR 1     18.06                      6.54  11.52     5.28
  SINCE JAN 1     21.62                     13.09   8.53    11.48

SNOWFALL (IN)
  TODAY           MM            MM      MM  MM     MM       MM
  MONTH TO DATE   MM                        MM     MM       MM
  SINCE MAR 1     MM                        MM     MM       MM
  SINCE JUL 1     MM                        MM     MM       MM
  SNOW DEPTH      MM

DEGREE DAYS
 HEATING
  TODAY            1                         9     -8        7
  MONTH TO DATE  121                       231   -110      200
  SINCE MAR 1    793                       856    -63      952
  SINCE JUL 1   4913                      4495    418     5064

 COOLING
  TODAY            0                         1     -1        0
  MONTH TO DATE    8                        11     -3        8
  SINCE MAR 1      8                        13     -5        8
  SINCE JAN 1      8                        13     -5        8
..................................................................


WIND (MPH)
  HIGHEST WIND SPEED    20   HIGHEST WIND DIRECTION    SE (130)
  HIGHEST GUST SPEED    28   HIGHEST GUST DIRECTION    SE (130)
  AVERAGE WIND SPEED     5.9


SKY COVER
  POSSIBLE SUNSHINE  MM
  AVERAGE SKY COVER 0.9


WEATHER CONDITIONS
 THE FOLLOWING WEATHER WAS RECORDED TODAY.
  HEAVY RAIN
  RAIN
  LIGHT RAIN
  FOG


RELATIVE HUMIDITY (PERCENT)
 HIGHEST    90          1000 AM
 LOWEST     48          1200 AM
 AVERAGE    69

..........................................................


THE FRANKFORT KY CLIMATE NORMALS FOR TOMORROW
                         NORMAL    RECORD    YEAR
 MAXIMUM TEMPERATURE (F)   69        89      1915
 MINIMUM TEMPERATURE (F)   45        26      1983
                                             1926


SUNRISE AND SUNSET
APRIL 19 2015.........SUNRISE   659 AM EDT   SUNSET   819 PM EDT
APRIL 20 2015.........SUNRISE   657 AM EDT   SUNSET   820 PM EDT


-  INDICATES NEGATIVE NUMBERS.
R  INDICATES RECORD WAS SET OR TIED.
MM INDICATES DATA IS MISSING.
T  INDICATES TRACE AMOUNT.




$$
