000
CDUS46 KSGX 280016
CLIFUL


CLIMATE REPORT
NATIONAL WEATHER SERVICE SAN DIEGO, CA
516 PM PDT MON APR 27 2015


...................................

...THE FULLERTON AIRPORT CA CLIMATE SUMMARY FOR APRIL 27 2015...
VALID TODAY AS OF 0500 PM LOCAL TIME.

CLIMATE NORMAL PERIOD 1981 TO 2010
CLIMATE RECORD PERIOD 1998 TO 2015


WEATHER ITEM   OBSERVED TIME   RECORD YEAR NORMAL DEPARTURE LAST
                VALUE   (LST)  VALUE       VALUE  FROM      YEAR
                                                  NORMAL
..................................................................
TEMPERATURE (F)
 TODAY
  MAXIMUM         90    231 PM 102    2008  74     16       71
                                      2004
  MINIMUM         55    536 AM  52    2003  55      0       55
  AVERAGE         73                        64      9       63

PRECIPITATION (IN)
  TODAY            0.00          0.00   MM   0.03  -0.03     0.00
  MONTH TO DATE    0.22                      0.80  -0.58     0.42
  SINCE OCT 1      5.55                     13.14  -7.59     4.77
  SINCE JAN 1      1.73                      9.24  -7.51     3.46

SNOWFALL (IN)
  TODAY            0.0
  MONTH TO DATE    0.0
  SINCE MAR 1      0.0
  SINCE JUL 1      0.0
  SNOW DEPTH       0

DEGREE DAYS
 HEATING
  TODAY            0                         2     -2        2
  MONTH TO DATE   31                        96    -65       38
  SINCE MAR 1     64                       266   -202       91
  SINCE JUL 1    427                      1188   -761      589

 COOLING
  TODAY            8                         2      6        0
  MONTH TO DATE   51                        27     24       60
  SINCE MAR 1    201                        40    161       95
  SINCE JAN 1    252                        49    203      115
..................................................................


WIND (MPH)
  RESULTANT WIND SPEED   2   RESULTANT WIND DIRECTION   W (290)
  HIGHEST WIND SPEED    15   HIGHEST WIND DIRECTION    NW (300)
  HIGHEST GUST SPEED    23   HIGHEST GUST DIRECTION     W (290)
  AVERAGE WIND SPEED     3.2


SKY COVER
  POSSIBLE SUNSHINE  MM
  AVERAGE SKY COVER 0.0


WEATHER CONDITIONS
 THE FOLLOWING WEATHER WAS RECORDED TODAY.
  NO SIGNIFICANT WEATHER WAS OBSERVED.


RELATIVE HUMIDITY (PERCENT)
 HIGHEST    77           300 AM
 LOWEST      9           200 PM
 AVERAGE    43

..........................................................


THE FULLERTON AIRPORT CA CLIMATE NORMALS FOR TOMORROW
                         NORMAL    RECORD    YEAR
 MAXIMUM TEMPERATURE (F)   74        98      2008
 MINIMUM TEMPERATURE (F)   55        48      2002


SUNRISE AND SUNSET
APRIL 27 2015.........SUNRISE   607 AM PDT   SUNSET   732 PM PDT
APRIL 28 2015.........SUNRISE   606 AM PDT   SUNSET   733 PM PDT


-  INDICATES NEGATIVE NUMBERS.
R  INDICATES RECORD WAS SET OR TIED.
MM INDICATES DATA IS MISSING.
T  INDICATES TRACE AMOUNT.




$$
