000
CDUS44 KTSA 242119
CLIFYV

CLIMATE REPORT
NATIONAL WEATHER SERVICE TULSA OK
418 PM CDT FRI APR 24 2015


...................................

...THE FAYETTEVILLE ARKANSAS CLIMATE SUMMARY FOR APRIL 24 2015...
VALID TODAY AS OF 0400 PM LOCAL TIME.

CLIMATE NORMAL PERIOD 1981 TO 2010
CLIMATE RECORD PERIOD 1905 TO 2015


WEATHER ITEM   OBSERVED TIME   RECORD YEAR NORMAL DEPARTURE LAST
                VALUE   (LST)  VALUE       VALUE  FROM      YEAR
                                                  NORMAL
..................................................................
TEMPERATURE (F)
 TODAY
  MAXIMUM         67   1135 AM  86    1989  71     -4       69
  MINIMUM         51   1237 AM  30    2005  47      4       45
  AVERAGE         59                        59      0       57

PRECIPITATION (IN)
  TODAY            0.16                      0.16   0.00     0.09
  MONTH TO DATE    2.56                      3.54  -0.98     2.66
  SINCE MAR 1      7.19                      7.49  -0.30     8.24
  SINCE JAN 1     10.25                     13.14  -2.89    10.72

SNOWFALL (IN)
  TODAY            0.0                                       0.0
  MONTH TO DATE    0.0                                       0.0
  SINCE MAR 1      2.6                                       3.8
  SINCE JUL 1      7.9                                      17.9

DEGREE DAYS
 HEATING
  TODAY            6                         7     -1        8
  MONTH TO DATE  157                       234    -77      248
  SINCE MAR 1    683                       760    -77      908
  SINCE JUL 1   4169                      4063    106     4628

 COOLING
  TODAY            0                         1     -1        0
  MONTH TO DATE   20                        21     -1        9
  SINCE MAR 1     20                        25     -5        9
  SINCE JAN 1     20                        25     -5        9
..................................................................


WIND (MPH)
  HIGHEST WIND SPEED    24   HIGHEST WIND DIRECTION     S (180)
  HIGHEST GUST SPEED    34   HIGHEST GUST DIRECTION     S (180)
  AVERAGE WIND SPEED     8.5


SKY COVER
  POSSIBLE SUNSHINE  MM
  AVERAGE SKY COVER 0.6


WEATHER CONDITIONS
 THE FOLLOWING WEATHER WAS RECORDED TODAY.
  THUNDERSTORM
  HEAVY RAIN
  LIGHT RAIN
  FOG


RELATIVE HUMIDITY (PERCENT)
 HIGHEST    78           300 PM
 LOWEST     61           200 AM
 AVERAGE    70

..........................................................


THE FAYETTEVILLE ARKANSAS CLIMATE NORMALS FOR TOMORROW
                         NORMAL    RECORD    YEAR
 MAXIMUM TEMPERATURE (F)   72        85      1989
 MINIMUM TEMPERATURE (F)   48        27      2013


SUNRISE AND SUNSET
APRIL 24 2015.........SUNRISE   632 AM CDT   SUNSET   758 PM CDT
APRIL 25 2015.........SUNRISE   631 AM CDT   SUNSET   759 PM CDT


-  INDICATES NEGATIVE NUMBERS.
R  INDICATES RECORD WAS SET OR TIED.
MM INDICATES DATA IS MISSING.
T  INDICATES TRACE AMOUNT.




$$
