000
CDUS43 KUNR 180832
CLIGCC


CLIMATE REPORT
NATIONAL WEATHER SERVICE RAPID CITY SD
231 AM MDT SAT APR 18 2015


...................................

...THE GILLETTE AIRPORT WY CLIMATE SUMMARY FOR APRIL 17 2015...

CLIMATE NORMAL PERIOD 1981 TO 2010
CLIMATE RECORD PERIOD 9999 TO 9999


WEATHER ITEM   OBSERVED TIME   NORMAL DEPARTURE LAST
                VALUE   (LST)  VALUE  FROM      YEAR
                                      NORMAL
......................................................
TEMPERATURE (F)
 YESTERDAY
  MAXIMUM         62    220 PM  56      6       61
  MINIMUM         25    534 AM  30     -5       31
  AVERAGE         44            43      1       46

PRECIPITATION (IN)
  YESTERDAY        0.00          0.05  -0.05      T
  MONTH TO DATE    0.51          0.64  -0.13     0.33
  SINCE MAR 1      0.96          1.60  -0.64     1.42
  SINCE JAN 1      1.81          2.38  -0.57     2.70

DEGREE DAYS
 HEATING
  YESTERDAY       21            22     -1       19
  MONTH TO DATE  383           414    -31      406
  SINCE MAR 1   1080          1353   -273     1370
  SINCE JUL 1   6170          6761   -591     7015

 COOLING
  YESTERDAY        0             0      0        0
  MONTH TO DATE    0             0      0        0
  SINCE MAR 1      0             0      0        0
  SINCE JAN 1      0             0      0        0
......................................................


WIND (MPH)
  HIGHEST WIND SPEED    18   HIGHEST WIND DIRECTION     S (180)
  HIGHEST GUST SPEED    22   HIGHEST GUST DIRECTION     S (180)
  AVERAGE WIND SPEED     7.9


SKY COVER
  AVERAGE SKY COVER 0.2


WEATHER CONDITIONS
 THE FOLLOWING WEATHER WAS RECORDED YESTERDAY.
  NO SIGNIFICANT WEATHER WAS OBSERVED.


RELATIVE HUMIDITY (PERCENT)
 HIGHEST    92          1200 AM
 LOWEST     36           200 PM
 AVERAGE    64

..........................................................




SUNRISE AND SUNSET
APRIL 18 2015.........SUNRISE   614 AM MDT   SUNSET   750 PM MDT
APRIL 19 2015.........SUNRISE   612 AM MDT   SUNSET   751 PM MDT


-  INDICATES NEGATIVE NUMBERS.
R  INDICATES RECORD WAS SET OR TIED.
MM INDICATES DATA IS MISSING.
T  INDICATES TRACE AMOUNT.




$$
