000
CDUS46 KOTX 040113
CLIGEG


CLIMATE REPORT
NATIONAL WEATHER SERVICE SPOKANE, WA
611 PM PDT SUN MAY 3 2015


...................................

...THE SPOKANE WA AIRPORT CLIMATE SUMMARY FOR MAY 3 2015...
VALID AS OF 0600 PM LOCAL TIME.

CLIMATE NORMAL PERIOD 1981 TO 2010
CLIMATE RECORD PERIOD 1881 TO 2015


WEATHER ITEM   OBSERVED TIME   RECORD YEAR NORMAL DEPARTURE LAST
                VALUE   (LST)  VALUE       VALUE  FROM      YEAR
                                                  NORMAL
..................................................................
TEMPERATURE (F)
 TODAY
  MAXIMUM         70        MM  83    1937  63      7       64
  MINIMUM         42        MM  29    1996  40      2       50
  AVERAGE         56                        51      5       57

PRECIPITATION (IN)
  TODAY            0.00          0.62 1948   0.04  -0.04      T
  MONTH TO DATE    T                         0.12  -0.12      T
  SINCE OCT 1     10.64                     11.91  -1.27     9.17
  SINCE JAN 1      5.91                      6.13  -0.22     6.84

SNOWFALL (IN)
  TODAY            0.0           T    1982   0.0    0.0      0.0
  MONTH TO DATE    0.0                       0.0    0.0      0.0
  SINCE MAR 1      1.9                       4.5   -2.6      5.8
  SINCE JUL 1     17.6                      44.8  -27.2     37.6
  SNOW DEPTH       0

DEGREE DAYS
 HEATING
  TODAY            9                        14     -5        8
  MONTH TO DATE   26                        42    -16       10
  SINCE MAR 1   1142                      1349   -207     1327
  SINCE JUL 1   5264                      6178   -914     6370

 COOLING
  TODAY            0                         0      0        0
  MONTH TO DATE    0                         0      0        0
  SINCE MAR 1      0                         0      0        0
  SINCE JAN 1      0                         0      0        0
..................................................................


WIND (MPH)
  HIGHEST WIND SPEED    10   HIGHEST WIND DIRECTION    NE (30)
  HIGHEST GUST SPEED    MM   HIGHEST GUST DIRECTION    MM
  AVERAGE WIND SPEED     6.6


SKY COVER
  POSSIBLE SUNSHINE  MM
  AVERAGE SKY COVER 0.0


WEATHER CONDITIONS
 THE FOLLOWING WEATHER WAS RECORDED TODAY.
  NO SIGNIFICANT WEATHER WAS OBSERVED.


RELATIVE HUMIDITY (PERCENT)
 HIGHEST    MM
 LOWEST     MM
 AVERAGE    MM

..........................................................


THE SPOKANE WA AIRPORT CLIMATE NORMALS FOR TOMORROW
                         NORMAL    RECORD    YEAR
 MAXIMUM TEMPERATURE (F)   63        84      1970
 MINIMUM TEMPERATURE (F)   40        28      1982


SUNRISE AND SUNSET
MAY  3 2015...........SUNRISE   530 AM PDT   SUNSET   805 PM PDT
MAY  4 2015...........SUNRISE   528 AM PDT   SUNSET   806 PM PDT


-  INDICATES NEGATIVE NUMBERS.
R  INDICATES RECORD WAS SET OR TIED.
MM INDICATES DATA IS MISSING.
T  INDICATES TRACE AMOUNT.




$$
