000
CDUS44 KJAN 280747
CLIGWO


CLIMATE REPORT
NATIONAL WEATHER SERVICE JACKSON MS
242 AM CDT TUE APR 28 2015


...................................

...THE GREENWOOD CLIMATE SUMMARY FOR APRIL 27 2015...

CLIMATE NORMAL PERIOD 1981 TO 2010
CLIMATE RECORD PERIOD 1948 TO 2015


WEATHER ITEM   OBSERVED TIME   RECORD YEAR NORMAL DEPARTURE LAST
                VALUE   (LST)  VALUE       VALUE  FROM      YEAR
                                                  NORMAL
..................................................................
TEMPERATURE (F)
 YESTERDAY
  MAXIMUM         72    321 PM  93    1987  78     -6       85
  MINIMUM         51   1159 PM  40    1992  55     -4       68
  AVERAGE         62                        67     -5       77

PRECIPITATION (IN)
  YESTERDAY        0.00          2.52 1991   0.16  -0.16     0.25
  MONTH TO DATE    6.17                      4.62   1.55     8.72
  SINCE MAR 1     11.31                      8.93   2.38    12.80
  SINCE JAN 1     20.70                     17.87   2.83    19.08

SNOWFALL (IN)
  YESTERDAY        0.0

DEGREE DAYS
 HEATING
  YESTERDAY        3                         2      1        0
  MONTH TO DATE   52                       118    -66      135
  SINCE MAR 1    325                       434   -109      573
  SINCE JUL 1   2846                      2665    181     3227

 COOLING
  YESTERDAY        0                         4     -4       12
  MONTH TO DATE  102                        64     38       56
  SINCE MAR 1    111                        85     26       60
  SINCE JAN 1    111                        90     21       60
..................................................................


WIND (MPH)
  HIGHEST WIND SPEED    22   HIGHEST WIND DIRECTION    NE (60)
  HIGHEST GUST SPEED    26   HIGHEST GUST DIRECTION    NE (60)
  AVERAGE WIND SPEED    10.0


SKY COVER
  POSSIBLE SUNSHINE  MM
  AVERAGE SKY COVER 0.0


WEATHER CONDITIONS
 THE FOLLOWING WEATHER WAS RECORDED YESTERDAY.
  NO SIGNIFICANT WEATHER WAS OBSERVED.


RELATIVE HUMIDITY (PERCENT)
 HIGHEST    80          1200 AM
 LOWEST     35           300 PM
 AVERAGE    58

..........................................................


THE GREENWOOD CLIMATE NORMALS FOR TODAY
                         NORMAL    RECORD    YEAR
 MAXIMUM TEMPERATURE (F)   78        90      1994
 MINIMUM TEMPERATURE (F)   55        40      1992


SUNRISE AND SUNSET
APRIL 28 2015.........SUNRISE   615 AM CDT   SUNSET   741 PM CDT
APRIL 29 2015.........SUNRISE   614 AM CDT   SUNSET   742 PM CDT


-  INDICATES NEGATIVE NUMBERS.
R  INDICATES RECORD WAS SET OR TIED.
MM INDICATES DATA IS MISSING.
T  INDICATES TRACE AMOUNT.




$$
