000
CDUS44 KJAN 210634
CLIHBG


CLIMATE REPORT
NATIONAL WEATHER SERVICE JACKSON MS
132 AM CDT TUE APR 21 2015


...................................

...THE HATTIESBURG CLIMATE SUMMARY FOR APRIL 20 2015...

CLIMATE NORMAL PERIOD 1981 TO 2010
CLIMATE RECORD PERIOD 1948 TO 2015


WEATHER ITEM   OBSERVED TIME   RECORD YEAR NORMAL DEPARTURE LAST
                VALUE   (LST)  VALUE       VALUE  FROM      YEAR
                                                  NORMAL
..................................................................
TEMPERATURE (F)
 YESTERDAY
  MAXIMUM         78    139 PM  91    2006  79     -1       81
  MINIMUM         52   1159 PM  35    1953  54     -2       49
  AVERAGE         65                        66     -1       65

PRECIPITATION (IN)
  YESTERDAY        0.00          0.76 1970   0.18  -0.18     0.00
  MONTH TO DATE    2.97                      3.49  -0.52     4.52
  SINCE MAR 1      8.68                      8.99  -0.31    10.89
  SINCE JAN 1     16.51                     20.12  -3.61    20.79

SNOWFALL (IN)
  YESTERDAY        0.0

DEGREE DAYS
 HEATING
  YESTERDAY        0                         2     -2        0
  MONTH TO DATE   11                        71    -60       70
  SINCE MAR 1    127                       288   -161      342
  SINCE JUL 1   1908                      1966    -58     2265

 COOLING
  YESTERDAY        0                         3     -3        0
  MONTH TO DATE  148                        50     98       30
  SINCE MAR 1    240                        83    157       39
  SINCE JAN 1    246                        98    148       56
..................................................................


WIND (MPH)
  HIGHEST WIND SPEED    20   HIGHEST WIND DIRECTION     W (290)
  HIGHEST GUST SPEED    24   HIGHEST GUST DIRECTION    NW (300)
  AVERAGE WIND SPEED     7.1


SKY COVER
  POSSIBLE SUNSHINE  MM
  AVERAGE SKY COVER 0.1


WEATHER CONDITIONS
 THE FOLLOWING WEATHER WAS RECORDED YESTERDAY.
  NO SIGNIFICANT WEATHER WAS OBSERVED.


RELATIVE HUMIDITY (PERCENT)
 HIGHEST    87           500 AM
 LOWEST     43           200 PM
 AVERAGE    65

..........................................................


THE HATTIESBURG CLIMATE NORMALS FOR TODAY
                         NORMAL    RECORD    YEAR
 MAXIMUM TEMPERATURE (F)   79        91      1987
 MINIMUM TEMPERATURE (F)   54        35      1953


SUNRISE AND SUNSET
APRIL 21 2015.........SUNRISE   623 AM CDT   SUNSET   729 PM CDT
APRIL 22 2015.........SUNRISE   621 AM CDT   SUNSET   730 PM CDT


-  INDICATES NEGATIVE NUMBERS.
R  INDICATES RECORD WAS SET OR TIED.
MM INDICATES DATA IS MISSING.
T  INDICATES TRACE AMOUNT.




$$
