000
CDUS41 KLWX 190522
CLIHGR


CLIMATE REPORT
NATIONAL WEATHER SERVICE BALTIMORE MD/WASHINGTON DC
122 AM EDT SUN APR 19 2015


...................................

...THE HAGERSTOWN MD CLIMATE SUMMARY FOR APRIL 18 2015...

CLIMATE NORMAL PERIOD 1981 TO 2010
CLIMATE RECORD PERIOD 9999 TO 9999


WEATHER ITEM   OBSERVED TIME   RECORD YEAR NORMAL DEPARTURE LAST
                VALUE   (LST)  VALUE       VALUE  FROM      YEAR
                                                  NORMAL
..................................................................
TEMPERATURE (F)
 YESTERDAY
  MAXIMUM         79    500 PM  MM      MM  64     15       55
  MINIMUM         54    623 AM  MM      MM  44     10       34
  AVERAGE         67                        54     13       45

PRECIPITATION (IN)
  YESTERDAY        0.00         MM      MM   0.12  -0.12     0.00
  MONTH TO DATE    0.99                      2.22  -1.23     1.09
  SINCE MAR 1      3.29                      5.60  -2.31     2.76
  SINCE JAN 1      5.57                     10.83  -5.26     6.54

DEGREE DAYS
 HEATING
  YESTERDAY        0                        12    -12       20
  MONTH TO DATE  160                       263   -103      248
  SINCE MAR 1    941                       992    -51     1107
  SINCE JUL 1   4947                      4895     52     5122

 COOLING
  YESTERDAY        2                         0      2        0
  MONTH TO DATE    2                         0      2       10
  SINCE MAR 1      2                         1      1       10
  SINCE JAN 1      2                         1      1       10
..................................................................


WIND (MPH)
  HIGHEST WIND SPEED    16   HIGHEST WIND DIRECTION    NE (30)
  HIGHEST GUST SPEED    20   HIGHEST GUST DIRECTION    NE (40)
  AVERAGE WIND SPEED     2.8


SKY COVER
  POSSIBLE SUNSHINE  MM
  AVERAGE SKY COVER 0.0


WEATHER CONDITIONS
 THE FOLLOWING WEATHER WAS RECORDED YESTERDAY.
  HAZE


RELATIVE HUMIDITY (PERCENT)
 HIGHEST    77           300 AM
 LOWEST     23           500 PM
 AVERAGE    50

..........................................................


THE HAGERSTOWN MD CLIMATE NORMALS FOR TODAY
                         NORMAL    RECORD    YEAR
 MAXIMUM TEMPERATURE (F)   64        MM        MM
 MINIMUM TEMPERATURE (F)   44        MM        MM


SUNRISE AND SUNSET
APRIL 19 2015.........SUNRISE   628 AM EDT   SUNSET   753 PM EDT
APRIL 20 2015.........SUNRISE   627 AM EDT   SUNSET   754 PM EDT


-  INDICATES NEGATIVE NUMBERS.
R  INDICATES RECORD WAS SET OR TIED.
MM INDICATES DATA IS MISSING.
T  INDICATES TRACE AMOUNT.




$$
