000
CDHW40 PHFO 261245
CLIHNL


CLIMATE REPORT
NATIONAL WEATHER SERVICE HONOLULU HI
245 AM HST SUN APR 26 2015


...................................

...THE HONOLULU HI CLIMATE SUMMARY FOR APRIL 25 2015...

CLIMATE NORMAL PERIOD 1981 TO 2010
CLIMATE RECORD PERIOD 1946 TO 2015


WEATHER ITEM   OBSERVED TIME   RECORD YEAR NORMAL DEPARTURE LAST
                VALUE   (LST)  VALUE       VALUE  FROM      YEAR
                                                  NORMAL
..................................................................
TEMPERATURE (F)
 YESTERDAY
  MAXIMUM         80    214 PM  90    1996  83     -3       83
  MINIMUM         70    556 AM  64    1979  70      0       73
                                      1976
                                      1974
  AVERAGE         75                        76     -1       78

PRECIPITATION (IN)
  YESTERDAY        T             0.96 1962   0.02  -0.02     0.01
  MONTH TO DATE    0.33                      0.56  -0.23     0.18
  SINCE MAR 1      0.95                      2.58  -1.63     2.79
  SINCE JAN 1      2.75                      6.88  -4.13     6.47

SNOWFALL (IN)
  YESTERDAY        0.0
  MONTH TO DATE    0.0
  SINCE MAR 1      0.0
  SINCE JUL 1      0.0
  SNOW DEPTH       0

DEGREE DAYS
 HEATING
  YESTERDAY        0                         0      0        0
  MONTH TO DATE    0                         0      0        0
  SINCE MAR 1      0                         0      0        0
  SINCE JUL 1      0                         0      0        0

 COOLING
  YESTERDAY       10                        11     -1       13
  MONTH TO DATE  294                       275     19      308
  SINCE MAR 1    570                       568      2      617
  SINCE JAN 1   1080                      1050     30     1136
..................................................................


WIND (MPH)
  HIGHEST WIND SPEED    16   HIGHEST WIND DIRECTION     S (180)
  HIGHEST GUST SPEED    21   HIGHEST GUST DIRECTION     S (180)
  AVERAGE WIND SPEED     8.9


SKY COVER
  POSSIBLE SUNSHINE  MM
  AVERAGE SKY COVER 0.6


WEATHER CONDITIONS
 THE FOLLOWING WEATHER WAS RECORDED YESTERDAY.
  NO SIGNIFICANT WEATHER WAS OBSERVED.


RELATIVE HUMIDITY (PERCENT)
 HIGHEST    97           600 AM
 LOWEST     71           300 PM
 AVERAGE    84

..........................................................


THE HONOLULU HI CLIMATE NORMALS FOR TODAY
                         NORMAL    RECORD    YEAR
 MAXIMUM TEMPERATURE (F)   83        88      1996
 MINIMUM TEMPERATURE (F)   70        60      1979


SUNRISE AND SUNSET
APRIL 26 2015.........SUNRISE   604 AM HST   SUNSET   655 PM HST
APRIL 27 2015.........SUNRISE   604 AM HST   SUNSET   655 PM HST


-  INDICATES NEGATIVE NUMBERS.
R  INDICATES RECORD WAS SET OR TIED.
MM INDICATES DATA IS MISSING.
T  INDICATES TRACE AMOUNT.




$$
