000
CDUS44 KLZK 180904
CLIHRO


CLIMATE REPORT
NATIONAL WEATHER SERVICE LITTLE ROCK AR
404 AM CDT SAT APR 18 2015


...................................

...THE HARRISON CLIMATE SUMMARY FOR APRIL 17 2015...

CLIMATE NORMAL PERIOD 1981 TO 2010
CLIMATE RECORD PERIOD 1891 TO 2015


WEATHER ITEM   OBSERVED TIME   RECORD YEAR NORMAL DEPARTURE LAST
                VALUE   (LST)  VALUE       VALUE  FROM      YEAR
                                                  NORMAL
..................................................................
TEMPERATURE (F)
 YESTERDAY
  MAXIMUM         75    346 PM  91    1937  70      5       69
  MINIMUM         54    611 AM  21    1951  47      7       38
  AVERAGE         65                        58      7       54

PRECIPITATION (IN)
  YESTERDAY        T             1.79 1901   0.15  -0.15     0.00
  MONTH TO DATE    1.78                      2.23  -0.45     2.34
  SINCE MAR 1      7.72                      6.02   1.70     6.78
  SINCE JAN 1     11.26                     11.22   0.04     8.73

SNOWFALL (IN)
  YESTERDAY        0.0          MM      MM   0.0    0.0      0.0
  MONTH TO DATE    0.0                       0.3   -0.3      0.0
  SINCE MAR 1      4.3                       2.3    2.0     10.0
  SINCE JUL 1     13.6                      11.5    2.1     25.8
  SNOW DEPTH       0

DEGREE DAYS
 HEATING
  YESTERDAY        0                         8     -8       11
  MONTH TO DATE   98                       164    -66      170
  SINCE MAR 1    604                       672    -68      787
  SINCE JUL 1   3999                      3844    155     4322

 COOLING
  YESTERDAY        0                         1     -1        0
  MONTH TO DATE   17                        17      0       12
  SINCE MAR 1     21                        23     -2       12
  SINCE JAN 1     21                        23     -2       12
..................................................................


WIND (MPH)
  HIGHEST WIND SPEED    16   HIGHEST WIND DIRECTION    SE (150)
  HIGHEST GUST SPEED    20   HIGHEST GUST DIRECTION     S (160)
  AVERAGE WIND SPEED     5.5


SKY COVER
  POSSIBLE SUNSHINE  MM
  AVERAGE SKY COVER 0.3


WEATHER CONDITIONS
 THE FOLLOWING WEATHER WAS RECORDED YESTERDAY.
  LIGHT RAIN
  FOG
  FOG W/VISIBILITY <= 1/4 MILE


RELATIVE HUMIDITY (PERCENT)
 HIGHEST   100           100 AM
 LOWEST     64           400 PM
 AVERAGE    82

..........................................................


THE HARRISON CLIMATE NORMALS FOR TODAY
                         NORMAL    RECORD    YEAR
 MAXIMUM TEMPERATURE (F)   70        92      2006
 MINIMUM TEMPERATURE (F)   48        30      1961
                                             1960
                                             1956


SUNRISE AND SUNSET
APRIL 18 2015.........SUNRISE   636 AM CDT   SUNSET   749 PM CDT
APRIL 19 2015.........SUNRISE   634 AM CDT   SUNSET   750 PM CDT


-  INDICATES NEGATIVE NUMBERS.
R  INDICATES RECORD WAS SET OR TIED.
MM INDICATES DATA IS MISSING.
T  INDICATES TRACE AMOUNT.




$$
