000
CDUS43 KAPX 280537
CLIHTL


CLIMATE REPORT
NATIONAL WEATHER SERVICE GAYLORD MI
137 AM EDT TUE APR 28 2015


...................................

...THE HOUGHTON LAKE MI CLIMATE SUMMARY FOR APRIL 27 2015...

CLIMATE NORMAL PERIOD 1981 TO 2010
CLIMATE RECORD PERIOD 1913 TO 2015


WEATHER ITEM   OBSERVED TIME   RECORD YEAR NORMAL DEPARTURE LAST
                VALUE   (LST)  VALUE       VALUE  FROM      YEAR
                                                  NORMAL
..................................................................
TEMPERATURE (F)
 YESTERDAY
  MAXIMUM         54    430 PM  84    1990  60     -6       51
                                      1986
  MINIMUM         39    616 AM  16    1917  36      3       29
  AVERAGE         47                        48     -1       40

PRECIPITATION (IN)
  YESTERDAY        0.00          1.08 2011   0.08  -0.08     0.00
  MONTH TO DATE    2.26                      2.24   0.02     4.80
  SINCE MAR 1      2.73                      4.08  -1.35     5.95
  SINCE JAN 1      4.54                      6.80  -2.26     8.75

SNOWFALL (IN)
  YESTERDAY        0.0           0.1  1988   0.0    0.0      0.0
  MONTH TO DATE    1.0                       3.6   -2.6      3.5
  SINCE OCT 1     44.2                      66.4  -22.2     61.9
  SINCE JUL 1     44.2                      66.4  -22.2     61.9
  SNOW DEPTH       0

DEGREE DAYS
 HEATING
  YESTERDAY       18                        18      0       25
  MONTH TO DATE  634                       625      9      668
  SINCE MAR 1   1801                      1738     63     2074
  SINCE JUL 1   8168                      7610    558     8522

 COOLING
  YESTERDAY        0                         0      0        0
  MONTH TO DATE    0                         0      0        0
  SINCE MAR 1      0                         0      0        0
  SINCE JAN 1      0                         0      0        0
..................................................................


WIND (MPH)
  HIGHEST WIND SPEED    16   HIGHEST WIND DIRECTION     N (20)
  HIGHEST GUST SPEED    22   HIGHEST GUST DIRECTION     N (20)
  AVERAGE WIND SPEED     8.9




RELATIVE HUMIDITY (PERCENT)
 HIGHEST    76
 LOWEST     45
 AVERAGE    61

..........................................................


THE HOUGHTON LAKE MI CLIMATE NORMALS FOR TODAY
                         NORMAL    RECORD    YEAR
 MAXIMUM TEMPERATURE (F)   60        83      1986
 MINIMUM TEMPERATURE (F)   36        16      1947
                                             1946
                                             1917


SUNRISE AND SUNSET
APRIL 28 2015.........SUNRISE   634 AM EDT   SUNSET   839 PM EDT
APRIL 29 2015.........SUNRISE   633 AM EDT   SUNSET   840 PM EDT


-  INDICATES NEGATIVE NUMBERS.
R  INDICATES RECORD WAS SET OR TIED.
MM INDICATES DATA IS MISSING.
T  INDICATES TRACE AMOUNT.




$$
