000
CDUS41 KRLX 250727
CLIHTS


CLIMATE REPORT
NATIONAL WEATHER SERVICE CHARLESTON WV
322 AM EDT SAT APR 25 2015


...................................

...THE HUNTINGTON WV CLIMATE SUMMARY FOR APRIL 24 2015...

CLIMATE NORMAL PERIOD 1981 TO 2010
CLIMATE RECORD PERIOD 1897 TO 2015


WEATHER ITEM   OBSERVED TIME   RECORD YEAR NORMAL DEPARTURE LAST
                VALUE   (LST)  VALUE       VALUE  FROM      YEAR
                                                  NORMAL
..................................................................
TEMPERATURE (F)
 YESTERDAY
  MAXIMUM         61    316 PM  91    1921  71    -10       68
  MINIMUM         31    611 AM  29    1986  47    -16       42
  AVERAGE         46                        59    -13       55

PRECIPITATION (IN)
  YESTERDAY        0.00          1.42 1975   0.12  -0.12     0.00
  MONTH TO DATE    6.73                      2.70   4.03     1.34
  SINCE JAN 1     18.50                     12.64   5.86    11.81

SNOWFALL (IN)
  YESTERDAY        0.0
  MONTH TO DATE    0.0
  SINCE SEP 1     36.6
  SNOW DEPTH       0

DEGREE DAYS
 HEATING
  YESTERDAY       19                         7     12       10
  MONTH TO DATE  189                       252    -63      187
  SINCE MAR 1    818                       848    -30      927
  SINCE JUL 1   4834                      4349    485     4688

 COOLING
  YESTERDAY        0                         1     -1        0
  MONTH TO DATE    9                        23    -14       14
  SINCE MAR 1      9                        28    -19       14
  SINCE JAN 1      9                        28    -19       14
..................................................................


WIND (MPH)
  HIGHEST WIND SPEED    10   HIGHEST WIND DIRECTION    NE (30)
  HIGHEST GUST SPEED    14   HIGHEST GUST DIRECTION     S (190)
  AVERAGE WIND SPEED     3.9


SKY COVER
  POSSIBLE SUNSHINE  MM


WEATHER CONDITIONS
 THE FOLLOWING WEATHER WAS RECORDED YESTERDAY.
  HAZE


RELATIVE HUMIDITY (PERCENT)
 HIGHEST    82           600 AM
 LOWEST     22           400 PM
 AVERAGE    52

..........................................................


THE HUNTINGTON WV CLIMATE NORMALS FOR TODAY
                         NORMAL    RECORD    YEAR
 MAXIMUM TEMPERATURE (F)   71        91      1960
 MINIMUM TEMPERATURE (F)   47        28      1967


SUNRISE AND SUNSET
APRIL 25 2015.........SUNRISE   641 AM EDT   SUNSET   816 PM EDT
APRIL 26 2015.........SUNRISE   640 AM EDT   SUNSET   817 PM EDT


-  INDICATES NEGATIVE NUMBERS.
R  INDICATES RECORD WAS SET OR TIED.
MM INDICATES DATA IS MISSING.
T  INDICATES TRACE AMOUNT.




$$
