000
CDUS41 KRLX 020723
CLIHTS


CLIMATE REPORT
NATIONAL WEATHER SERVICE CHARLESTON WV
320 AM EDT THU APR 2 2015


...................................

...THE HUNTINGTON WV CLIMATE SUMMARY FOR APRIL 1 2015...

CLIMATE NORMAL PERIOD 1981 TO 2010
CLIMATE RECORD PERIOD 1897 TO 2015


WEATHER ITEM   OBSERVED TIME   RECORD YEAR NORMAL DEPARTURE LAST
                VALUE   (LST)  VALUE       VALUE  FROM      YEAR
                                                  NORMAL
..................................................................
TEMPERATURE (F)
 YESTERDAY
  MAXIMUM         65    508 PM  88    1974  63      2       80
                                      1963
  MINIMUM         32    644 AM  17    1923  40     -8       41
  AVERAGE         49                        52     -3       61

PRECIPITATION (IN)
  YESTERDAY        0.00          1.40 1908   0.11  -0.11      T
  MONTH TO DATE    0.00                      0.11  -0.11      T
  SINCE JAN 1     11.77                     10.05   1.72    10.47

SNOWFALL (IN)
  YESTERDAY        0.0
  MONTH TO DATE    0.0
  SINCE SEP 1     36.6
  SNOW DEPTH       0

DEGREE DAYS
 HEATING
  YESTERDAY       16                        14      2        4
  MONTH TO DATE   16                        14      2        4
  SINCE MAR 1    645                       610     35      744
  SINCE JUL 1   4661                      4111    550     4505

 COOLING
  YESTERDAY        0                         0      0        0
  MONTH TO DATE    0                         0      0        0
  SINCE MAR 1      0                         5     -5        0
  SINCE JAN 1      0                         5     -5        0
..................................................................


WIND (MPH)
  HIGHEST WIND SPEED    10   HIGHEST WIND DIRECTION    NE (40)
  HIGHEST GUST SPEED    14   HIGHEST GUST DIRECTION    NE (50)
  AVERAGE WIND SPEED     3.0


SKY COVER
  POSSIBLE SUNSHINE  MM


WEATHER CONDITIONS
 THE FOLLOWING WEATHER WAS RECORDED YESTERDAY.
  FOG


RELATIVE HUMIDITY (PERCENT)
 HIGHEST    89           600 AM
 LOWEST     18           600 PM
 AVERAGE    54

..........................................................


THE HUNTINGTON WV CLIMATE NORMALS FOR TODAY
                         NORMAL    RECORD    YEAR
 MAXIMUM TEMPERATURE (F)   63        88      2010
 MINIMUM TEMPERATURE (F)   41        20      1923


SUNRISE AND SUNSET
APRIL  2 2015.........SUNRISE   714 AM EDT   SUNSET   754 PM EDT
APRIL  3 2015.........SUNRISE   713 AM EDT   SUNSET   755 PM EDT


-  INDICATES NEGATIVE NUMBERS.
R  INDICATES RECORD WAS SET OR TIED.
MM INDICATES DATA IS MISSING.
T  INDICATES TRACE AMOUNT.




$$
