000
CDUS43 KUNR 040834
CLIICR


CLIMATE REPORT
NATIONAL WEATHER SERVICE RAPID CITY SD
232 AM MDT MON MAY 4 2015


...................................

...THE WINNER REGIONAL AIRPORT SD CLIMATE SUMMARY FOR MAY 3 2015...

CLIMATE NORMAL PERIOD 1981 TO 2010
CLIMATE RECORD PERIOD 9999 TO 9999


WEATHER ITEM   OBSERVED TIME   NORMAL DEPARTURE LAST
                VALUE   (LST)  VALUE  FROM      YEAR
                                      NORMAL
......................................................
TEMPERATURE (F)
 YESTERDAY
  MAXIMUM         76    341 PM  66     10       65
  MINIMUM         47    617 AM  42      5       41
  AVERAGE         62            54      8       53

PRECIPITATION (IN)
  YESTERDAY        T             0.12  -0.12      T
  MONTH TO DATE    0.01          0.37  -0.36      T
  SINCE MAR 1      0.86          4.24  -3.38     2.35
  SINCE JAN 1      0.95          5.00  -4.05     2.43

DEGREE DAYS
 HEATING
  YESTERDAY        3            11     -8       12
  MONTH TO DATE    8            35    -27       42
  SINCE MAR 1   1021          1430   -409     1471
  SINCE JUL 1   5781          6439   -658     6804

 COOLING
  YESTERDAY        0             0      0        0
  MONTH TO DATE    6             0      6        0
  SINCE MAR 1     18             2     16        3
  SINCE JAN 1     18             2     16        3
......................................................


WIND (MPH)
  HIGHEST WIND SPEED    35   HIGHEST WIND DIRECTION     N (10)
  HIGHEST GUST SPEED    42   HIGHEST GUST DIRECTION     N (20)
  AVERAGE WIND SPEED    15.0


SKY COVER
  AVERAGE SKY COVER 0.0


WEATHER CONDITIONS
 THE FOLLOWING WEATHER WAS RECORDED YESTERDAY.
  LIGHT RAIN


RELATIVE HUMIDITY (PERCENT)
 HIGHEST    68           700 AM
 LOWEST     21           500 PM
 AVERAGE    45

..........................................................




SUNRISE AND SUNSET
MAY  4 2015...........SUNRISE   629 AM CDT   SUNSET   844 PM CDT
MAY  5 2015...........SUNRISE   627 AM CDT   SUNSET   846 PM CDT


-  INDICATES NEGATIVE NUMBERS.
R  INDICATES RECORD WAS SET OR TIED.
MM INDICATES DATA IS MISSING.
T  INDICATES TRACE AMOUNT.




$$
