000
CDUS43 KUNR 050834
CLIIEN


CLIMATE REPORT
NATIONAL WEATHER SERVICE RAPID CITY SD
232 AM MDT TUE MAY 5 2015


...................................

...THE PINE RIDGE SD CLIMATE SUMMARY FOR MAY 4 2015...

CLIMATE NORMAL PERIOD 1981 TO 2010
CLIMATE RECORD PERIOD 9999 TO 9999


WEATHER ITEM   OBSERVED TIME   NORMAL DEPARTURE LAST
                VALUE   (LST)  VALUE  FROM      YEAR
                                      NORMAL
......................................................
TEMPERATURE (F)
 YESTERDAY
  MAXIMUM         59    515 PM  66     -7       68
  MINIMUM         38   1158 PM  37      1       38
  AVERAGE         49            52     -3       53

PRECIPITATION (IN)
  YESTERDAY        0.01          0.09  -0.08     0.00
  MONTH TO DATE    0.01          0.40  -0.39     0.00
  SINCE MAR 1      2.07          3.18  -1.11     3.50
  SINCE JAN 1      2.53          3.97  -1.44     3.77

DEGREE DAYS
 HEATING
  YESTERDAY       16            14      2       12
  MONTH TO DATE   39            57    -18       61
  SINCE MAR 1   1299          1527   -228     1616
  SINCE JUL 1   6509          6877   -368     7098

 COOLING
  YESTERDAY        0             0      0        0
  MONTH TO DATE    0             0      0        0
  SINCE MAR 1      0             0      0        1
  SINCE JAN 1      0             0      0        1
......................................................


WIND (MPH)
  HIGHEST WIND SPEED    17   HIGHEST WIND DIRECTION     E (100)
  HIGHEST GUST SPEED    21   HIGHEST GUST DIRECTION     E (110)
  AVERAGE WIND SPEED     6.5


SKY COVER
  AVERAGE SKY COVER 0.8


WEATHER CONDITIONS
 THE FOLLOWING WEATHER WAS RECORDED YESTERDAY.
  LIGHT RAIN


RELATIVE HUMIDITY (PERCENT)
 HIGHEST    70           900 PM
 LOWEST     43           400 PM
 AVERAGE    57

..........................................................




SUNRISE AND SUNSET
MAY  5 2015...........SUNRISE   539 AM MDT   SUNSET   755 PM MDT
MAY  6 2015...........SUNRISE   537 AM MDT   SUNSET   757 PM MDT


-  INDICATES NEGATIVE NUMBERS.
R  INDICATES RECORD WAS SET OR TIED.
MM INDICATES DATA IS MISSING.
T  INDICATES TRACE AMOUNT.




$$
