000
CDUS45 KVEF 260834
CLIIGM


CLIMATE REPORT
NATIONAL WEATHER SERVICE LAS VEGAS, NV
130 AM PDT SUN APR 26 2015


...................................

...THE KINGMAN AZ CLIMATE SUMMARY FOR APRIL 25 2015...

CLIMATE NORMAL PERIOD 1981 TO 2010
CLIMATE RECORD PERIOD 1901 TO 2015


WEATHER ITEM   OBSERVED TIME   RECORD YEAR NORMAL DEPARTURE LAST
                VALUE   (LST)  VALUE       VALUE  FROM      YEAR
                                                  NORMAL
..................................................................
TEMPERATURE (F)
 YESTERDAY
  MAXIMUM         65   1146 AM  93    1997  77    -12       79
  MINIMUM         46   1156 PM  29    1932  47     -1       51
  AVERAGE         56                        62     -6       65

PRECIPITATION (IN)
  YESTERDAY        0.06          0.15 1931   0.01   0.05     0.01
  MONTH TO DATE    0.11                      0.37  -0.26     0.03
  SINCE OCT 1      4.94                      5.39  -0.45     1.46
  SINCE JAN 1      2.81                      3.29  -0.48     0.58

DEGREE DAYS
 HEATING
  YESTERDAY        9                         5      4        0
  MONTH TO DATE  193                       194     -1      121
  SINCE MAR 1    441                       612   -171      427
  SINCE JUL 1   2421                      3025   -604     2749

 COOLING
  YESTERDAY        0                         2     -2        0
  MONTH TO DATE    4                        19    -15       33
  SINCE MAR 1      6                        22    -16       33
  SINCE JAN 1      6                        22    -16       33
..................................................................


WIND (MPH)
  RESULTANT WIND SPEED  13   RESULTANT WIND DIRECTION   S (190)
  HIGHEST WIND SPEED    32   HIGHEST WIND DIRECTION    SW (210)
  HIGHEST GUST SPEED    40   HIGHEST GUST DIRECTION     S (200)
  AVERAGE WIND SPEED    13.7


SKY COVER
  POSSIBLE SUNSHINE  MM
  AVERAGE SKY COVER 0.3


WEATHER CONDITIONS
 THE FOLLOWING WEATHER WAS RECORDED YESTERDAY.
  LIGHT RAIN


RELATIVE HUMIDITY (PERCENT)
 HIGHEST    86           800 PM
 LOWEST     32          1000 AM
 AVERAGE    59

..........................................................


THE KINGMAN AZ CLIMATE NORMALS FOR TODAY
                         NORMAL    RECORD    YEAR
 MAXIMUM TEMPERATURE (F)   77        94      1927
 MINIMUM TEMPERATURE (F)   47        30      1984


SUNRISE AND SUNSET
APRIL 26 2015.........SUNRISE   550 AM MST   SUNSET   717 PM MST
APRIL 27 2015.........SUNRISE   549 AM MST   SUNSET   718 PM MST


-  INDICATES NEGATIVE NUMBERS.
R  INDICATES RECORD WAS SET OR TIED.
MM INDICATES DATA IS MISSING.
T  INDICATES TRACE AMOUNT.




$$
