000
CDUS43 KEAX 280649
CLIIRK


CLIMATE REPORT
NATIONAL WEATHER SERVICE KANSAS CITY/PLEASANT HILL MO
148 AM CDT TUE APR 28 2015


...................................

...THE KIRKSVILLE MO CLIMATE SUMMARY FOR APRIL 27 2015...

CLIMATE NORMAL PERIOD 1981 TO 2010
CLIMATE RECORD PERIOD 9999 TO 9999


WEATHER ITEM   OBSERVED TIME   NORMAL DEPARTURE LAST
                VALUE   (LST)  VALUE  FROM      YEAR
                                      NORMAL
......................................................
TEMPERATURE (F)
 YESTERDAY
  MAXIMUM         66    414 PM  66      0       81
  MINIMUM         34    425 AM  45    -11       53
  AVERAGE         50            56     -6       67

PRECIPITATION (IN)
  YESTERDAY        0.00          0.16  -0.16     0.96
  MONTH TO DATE    3.71          3.30   0.41     2.88
  SINCE MAR 1      4.53          5.85  -1.32     3.95
  SINCE JAN 1      6.58          8.65  -2.07     7.50

DEGREE DAYS
 HEATING
  YESTERDAY       15            10      5        0
  MONTH TO DATE  258           375   -117      362
  SINCE MAR 1    944          1129   -185     1264
  SINCE JUL 1   5623          5662    -39     6234

 COOLING
  YESTERDAY        0             0      0        2
  MONTH TO DATE    2             0      2        5
  SINCE MAR 1      3             0      3        5
  SINCE JAN 1      3             0      3        5
......................................................


WIND (MPH)
  HIGHEST WIND SPEED    18   HIGHEST WIND DIRECTION     N (20)
  HIGHEST GUST SPEED    24   HIGHEST GUST DIRECTION    NE (40)
  AVERAGE WIND SPEED     7.3


SKY COVER
  AVERAGE SKY COVER 0.0


WEATHER CONDITIONS
 THE FOLLOWING WEATHER WAS RECORDED YESTERDAY.
  NO SIGNIFICANT WEATHER WAS OBSERVED.


RELATIVE HUMIDITY (PERCENT)
 HIGHEST    92           200 AM
 LOWEST     32           100 PM
 AVERAGE    62

..........................................................


THE KIRKSVILLE MO CLIMATE NORMALS FOR TODAY
                         NORMAL
 MAXIMUM TEMPERATURE (F)   67
 MINIMUM TEMPERATURE (F)   45


SUNRISE AND SUNSET
APRIL 28 2015.........SUNRISE   614 AM CDT   SUNSET   802 PM CDT
APRIL 29 2015.........SUNRISE   613 AM CDT   SUNSET   803 PM CDT


-  INDICATES NEGATIVE NUMBERS.
R  INDICATES RECORD WAS SET OR TIED.
MM INDICATES DATA IS MISSING.
T  INDICATES TRACE AMOUNT.




$$
