000
CDUS41 KOKX 062046
CLIISP


CLIMATE REPORT
NATIONAL WEATHER SERVICE NEW YORK NY
446 PM EDT WED MAY 6 2015


...................................

...THE ISLIP NY CLIMATE SUMMARY FOR MAY 6 2015...
VALID TODAY AS OF 0400 PM LOCAL TIME.

CLIMATE NORMAL PERIOD 1981 TO 2010
CLIMATE RECORD PERIOD 1986 TO 2015


WEATHER ITEM   OBSERVED TIME   RECORD YEAR NORMAL DEPARTURE LAST
                VALUE   (LST)  VALUE       VALUE  FROM      YEAR
                                                  NORMAL
..................................................................
TEMPERATURE (F)
 TODAY
  MAXIMUM         69    245 PM  88    1986  65      4       70
  MINIMUM         59    413 AM  37    1992  47     12       48
  AVERAGE         64                        56      8       59

PRECIPITATION (IN)
  TODAY            T             1.23 1991   0.12  -0.12     0.00
  MONTH TO DATE    T                         0.71  -0.71     0.56
  SINCE MAR 1      6.73                      9.49  -2.76    11.30
  SINCE JAN 1     14.67                     16.39  -1.72    19.64

SNOWFALL (IN)
  TODAY            0.0          MM      MM   0.0    0.0      0.0
  MONTH TO DATE    0.0                       0.0    0.0      0.0
  SINCE OCT 1     63.7                      24.8   38.9     63.7
  SINCE JUL 1     63.7                      24.8   38.9     63.7
  SNOW DEPTH       0

DEGREE DAYS
 HEATING
  TODAY            1                        10     -9        6
  MONTH TO DATE   42                        63    -21       41
  SINCE MAR 1   1421                      1339     82     1418
  SINCE JUL 1   5441                      5234    207     5371

 COOLING
  TODAY            0                         0      0        0
  MONTH TO DATE    2                         0      2        0
  SINCE MAR 1      2                         2      0        0
  SINCE JAN 1      2                         2      0        0
..................................................................


WIND (MPH)
  HIGHEST WIND SPEED    15   HIGHEST WIND DIRECTION     N (20)
  HIGHEST GUST SPEED    19   HIGHEST GUST DIRECTION     N (10)
  AVERAGE WIND SPEED     6.7


SKY COVER
  AVERAGE SKY COVER 0.7


WEATHER CONDITIONS
 THE FOLLOWING WEATHER WAS RECORDED TODAY.
  LIGHT RAIN


RELATIVE HUMIDITY (PERCENT)
 HIGHEST    78          1200 AM
 LOWEST     40          1200 PM
 AVERAGE    59

..........................................................


THE ISLIP NY CLIMATE NORMALS FOR TOMORROW
                         NORMAL    RECORD    YEAR
 MAXIMUM TEMPERATURE (F)   65        88      2000
 MINIMUM TEMPERATURE (F)   47        35      2001
                                             1995


SUNRISE AND SUNSET
MAY  6 2015...........SUNRISE   545 AM EDT   SUNSET   754 PM EDT
MAY  7 2015...........SUNRISE   544 AM EDT   SUNSET   755 PM EDT


-  INDICATES NEGATIVE NUMBERS.
R  INDICATES RECORD WAS SET OR TIED.
MM INDICATES DATA IS MISSING.
T  INDICATES TRACE AMOUNT.




$$
