000
CDUS43 KJKL 070532
CLIJKL

CLIMATE REPORT
NATIONAL WEATHER SERVICE JACKSON KY
129 AM EDT THU MAY 7 2015

...................................

...THE JACKSON KY CLIMATE SUMMARY FOR MAY 6 2015...

CLIMATE NORMAL PERIOD 1981 TO 2010
CLIMATE RECORD PERIOD 1981 TO 2015

WEATHER ITEM   OBSERVED TIME   RECORD YEAR NORMAL DEPARTURE LAST
                VALUE   (LST)  VALUE       VALUE  FROM      YEAR
                                                  NORMAL
..................................................................
TEMPERATURE (F)
 YESTERDAY
  MAXIMUM         85    440 PM  88    1986  73     12       85
  MINIMUM         56    607 AM  37    1989  52      4       57
  AVERAGE         71                        62      9       71

PRECIPITATION (IN)
  YESTERDAY        0.00          2.42 1984   0.15  -0.15     0.00
  MONTH TO DATE    0.00                      0.93  -0.93      T
  SINCE MAR 1     16.55                      8.88   7.67    10.94
  SINCE JAN 1     22.73                     16.24   6.49    18.56

SNOWFALL (IN)
  YESTERDAY        0.0           0.0  2002   0.0    0.0      0.0
                                      2001
  MONTH TO DATE    0.0                       0.0    0.0      0.0
  SINCE MAR 1      3.7                       3.9   -0.2     11.9
  SINCE JUL 1     29.1                      23.5    5.6     38.9
  SNOW DEPTH       0

DEGREE DAYS
 HEATING
  YESTERDAY        0                         4     -4        0
  MONTH TO DATE   15                        28    -13       27
  SINCE MAR 1    772                       849    -77      856
  SINCE JUL 1   4537                      4149    388     4457

 COOLING
  YESTERDAY        6                         2      4        6
  MONTH TO DATE   18                        12      6       12
  SINCE MAR 1     43                        58    -15       51
  SINCE JAN 1     43                        58    -15       51
..................................................................

WIND (MPH)
  HIGHEST WIND SPEED     8   HIGHEST WIND DIRECTION    SE (140)
  HIGHEST GUST SPEED    13   HIGHEST GUST DIRECTION     S (160)
  AVERAGE WIND SPEED     2.1

SKY COVER
  POSSIBLE SUNSHINE  MM
  AVERAGE SKY COVER 0.3

WEATHER CONDITIONS
 THE FOLLOWING WEATHER WAS RECORDED YESTERDAY.
  NO SIGNIFICANT WEATHER WAS OBSERVED.

RELATIVE HUMIDITY (PERCENT)
 HIGHEST    80           600 AM
 LOWEST     31           400 PM
 AVERAGE    56
..........................................................

THE JACKSON KY CLIMATE NORMALS FOR TODAY
                         NORMAL    RECORD    YEAR
 MAXIMUM TEMPERATURE (F)   73        90      1986
 MINIMUM TEMPERATURE (F)   53        32      1989

SUNRISE AND SUNSET
MAY  7 2015...........SUNRISE   632 AM EDT   SUNSET   829 PM EDT
MAY  8 2015...........SUNRISE   631 AM EDT   SUNSET   829 PM EDT

-  INDICATES NEGATIVE NUMBERS.
R  INDICATES RECORD WAS SET OR TIED.
MM INDICATES DATA IS MISSING.
T  INDICATES TRACE AMOUNT.

$$

SHALLENBERGER
