000
CDUS43 KLBF 032213
CLILBF

CLIMATE REPORT
NATIONAL WEATHER SERVICE NORTH PLATTE
512 PM CDT SUN MAY 3 2015


...................................

...THE NORTH PLATTE NE CLIMATE SUMMARY FOR MAY 3 2015...
VALID TODAY AS OF 0500 PM LOCAL TIME.

CLIMATE NORMAL PERIOD 1981 TO 2010
CLIMATE RECORD PERIOD 1874 TO 2015


WEATHER ITEM   OBSERVED TIME   RECORD YEAR NORMAL DEPARTURE LAST
                VALUE   (LST)  VALUE       VALUE  FROM      YEAR
                                                  NORMAL
..................................................................
TEMPERATURE (F)
 TODAY
  MAXIMUM         80   1220 PM  94    1949  68     12       74
  MINIMUM         43    459 AM  20    1976  39      4       36
                                      1907
  AVERAGE         62                        54      8       55

PRECIPITATION (IN)
  TODAY            0.00          1.03 1933   0.09  -0.09     0.00
  MONTH TO DATE    0.20                      0.27  -0.07      T
  SINCE MAR 1      3.22                      3.59  -0.37     1.43
  SINCE JAN 1      3.96                      4.43  -0.47     2.48

SNOWFALL (IN)
  TODAY            0.0           1.0  1967   0.0    0.0      0.0
  MONTH TO DATE    0.0                       0.0    0.0      0.0
  SINCE MAR 1      2.4                       7.6   -5.2      7.4
  SINCE JUL 1     21.3                      28.5   -7.2     29.8
  SNOW DEPTH       0

DEGREE DAYS
 HEATING
  TODAY            3                        12     -9       10
  MONTH TO DATE    6                        36    -30       47
  SINCE MAR 1   1101                      1398   -297     1423
  SINCE JUL 1   5990                      6426   -436     6614

 COOLING
  TODAY            0                         0      0        0
  MONTH TO DATE    0                         0      0        0
  SINCE MAR 1      2                         3     -1        2
  SINCE JAN 1      2                         3     -1        2
..................................................................


WIND (MPH)
  HIGHEST WIND SPEED    21   HIGHEST WIND DIRECTION     N (10)
  HIGHEST GUST SPEED    26   HIGHEST GUST DIRECTION    NE (40)
  AVERAGE WIND SPEED     8.1


SKY COVER
  POSSIBLE SUNSHINE  MM
  AVERAGE SKY COVER 0.0


WEATHER CONDITIONS
 THE FOLLOWING WEATHER WAS RECORDED TODAY.
  NO SIGNIFICANT WEATHER WAS OBSERVED.


RELATIVE HUMIDITY (PERCENT)
 HIGHEST    92           500 AM
 LOWEST     32          1200 PM
 AVERAGE    62

..........................................................


THE NORTH PLATTE NE CLIMATE NORMALS FOR TOMORROW
                         NORMAL    RECORD    YEAR
 MAXIMUM TEMPERATURE (F)   68        93      1952
 MINIMUM TEMPERATURE (F)   40        23      2013


SUNRISE AND SUNSET
MAY  3 2015...........SUNRISE   638 AM CDT   SUNSET   842 PM CDT
MAY  4 2015...........SUNRISE   637 AM CDT   SUNSET   843 PM CDT


-  INDICATES NEGATIVE NUMBERS.
R  INDICATES RECORD WAS SET OR TIED.
MM INDICATES DATA IS MISSING.
T  INDICATES TRACE AMOUNT.

$$
