000
CDUS44 KSHV 032136
CLILFK


CLIMATE REPORT
NATIONAL WEATHER SERVICE SHREVEPORT, LA
431 PM CDT SUN MAY 3 2015


...................................

...THE LUFKIN CLIMATE SUMMARY FOR MAY 3 2015...
VALID TODAY AS OF 0400 PM LOCAL TIME.

CLIMATE NORMAL PERIOD 1981 TO 2010
CLIMATE RECORD PERIOD 1906 TO 2015


WEATHER ITEM   OBSERVED TIME   RECORD YEAR NORMAL DEPARTURE LAST
                VALUE   (LST)  VALUE       VALUE  FROM      YEAR
                                                  NORMAL
..................................................................
TEMPERATURE (F)
 TODAY
  MAXIMUM         85    239 PM  94    1943  82      3       90
  MINIMUM         58    600 AM  43    1929  60     -2       50
  AVERAGE         72                        71      1       70

PRECIPITATION (IN)
  TODAY            0.00          2.72 1958   0.14  -0.14     0.00
  MONTH TO DATE    0.00                      0.41  -0.41     0.00
  SINCE DEC 1     22.38                     19.73   2.65    10.45
  SINCE JAN 1     20.33                     15.29   5.04     8.24

DEGREE DAYS
 HEATING
  TODAY            0                         0      0        0
  MONTH TO DATE    0                         1     -1        5
  SINCE MAR 1    171                       280   -109      316
  SINCE JUL 1   1691                      1914   -223     2119

 COOLING
  TODAY            7                         6      1        5
  MONTH TO DATE   22                        18      4        6
  SINCE MAR 1    319                       175    144      182
  SINCE JAN 1    325                       194    131      200
..................................................................


WIND (MPH)
  HIGHEST WIND SPEED    15   HIGHEST WIND DIRECTION     S (160)
  HIGHEST GUST SPEED    23   HIGHEST GUST DIRECTION    SE (140)
  AVERAGE WIND SPEED     4.7


SKY COVER
  POSSIBLE SUNSHINE  MM
  AVERAGE SKY COVER 0.1


WEATHER CONDITIONS
 THE FOLLOWING WEATHER WAS RECORDED TODAY.
  FOG
  HAZE


RELATIVE HUMIDITY (PERCENT)
 HIGHEST    86           600 AM
 LOWEST     40          1200 PM
 AVERAGE    63

..........................................................


THE LUFKIN CLIMATE NORMALS FOR TOMORROW
                         NORMAL    RECORD    YEAR
 MAXIMUM TEMPERATURE (F)   82        93      1943
 MINIMUM TEMPERATURE (F)   61        40      1954


SUNRISE AND SUNSET
MAY  3 2015...........SUNRISE   633 AM CDT   SUNSET   800 PM CDT
MAY  4 2015...........SUNRISE   632 AM CDT   SUNSET   800 PM CDT


-  INDICATES NEGATIVE NUMBERS.
R  INDICATES RECORD WAS SET OR TIED.
MM INDICATES DATA IS MISSING.
T  INDICATES TRACE AMOUNT.




$$
