000
CDUS45 KRIW 260740
CLILND


CLIMATE REPORT
NATIONAL WEATHER SERVICE RIVERTON WY
136 AM MDT SUN APR 26 2015


...................................

...THE LANDER WY CLIMATE SUMMARY FOR APRIL 25 2015...

CLIMATE NORMAL PERIOD 1981 TO 2010
CLIMATE RECORD PERIOD 1891 TO 2015


WEATHER ITEM   OBSERVED TIME   RECORD YEAR NORMAL DEPARTURE LAST
                VALUE   (LST)  VALUE       VALUE  FROM      YEAR
                                                  NORMAL
..................................................................
TEMPERATURE (F)
 YESTERDAY
  MAXIMUM         60    124 PM  81    1946  59      1       65
  MINIMUM         40   1139 PM  12    1907  34      6       33
  AVERAGE         50                        47      3       49

PRECIPITATION (IN)
  YESTERDAY        0.02          2.15 1971   0.06  -0.04     0.00
  MONTH TO DATE    1.85                      1.49   0.36     0.62
  SINCE MAR 1      2.40                      2.65  -0.25     1.80
  SINCE JAN 1      3.96                      3.64   0.32     2.60

SNOWFALL (IN)
  YESTERDAY        0.0                       0.5   -0.5      0.0
  MONTH TO DATE   10.3                      14.3   -4.0      4.3
  SINCE MAR 1     19.2                      30.4  -11.2     18.2
  SINCE JUL 1     73.1                      84.0  -10.9     73.5
  SNOW DEPTH       0

DEGREE DAYS
 HEATING
  YESTERDAY       15                        18     -3       16
  MONTH TO DATE  511                       547    -36      510
  SINCE MAR 1   1276                      1462   -186     1405
  SINCE JUL 1   6400                      7166   -766     7141

 COOLING
  YESTERDAY        0                         0      0        0
  MONTH TO DATE    0                         0      0        0
  SINCE MAR 1      0                         0      0        0
  SINCE JAN 1      0                         0      0        0
..................................................................


WIND (MPH)
  HIGHEST WIND SPEED    20   HIGHEST WIND DIRECTION     N (20)
  HIGHEST GUST SPEED    24   HIGHEST GUST DIRECTION    NE (30)
  AVERAGE WIND SPEED     6.6


SKY COVER
  POSSIBLE SUNSHINE  MM
  AVERAGE SKY COVER 0.4


WEATHER CONDITIONS
 THE FOLLOWING WEATHER WAS RECORDED YESTERDAY.
  LIGHT RAIN
  FOG


RELATIVE HUMIDITY (PERCENT)
 HIGHEST    76          1000 PM
 LOWEST     39          1200 PM
 AVERAGE    58

..........................................................


THE LANDER WY CLIMATE NORMALS FOR TODAY
                         NORMAL    RECORD    YEAR
 MAXIMUM TEMPERATURE (F)   60        79      1910
 MINIMUM TEMPERATURE (F)   34        15      1924


SUNRISE AND SUNSET
APRIL 26 2015.........SUNRISE   617 AM MDT   SUNSET   810 PM MDT
APRIL 27 2015.........SUNRISE   615 AM MDT   SUNSET   811 PM MDT


-  INDICATES NEGATIVE NUMBERS.
R  INDICATES RECORD WAS SET OR TIED.
MM INDICATES DATA IS MISSING.
T  INDICATES TRACE AMOUNT.




$$
