000
CDUS41 KRNK 070758
CLILYH


CLIMATE REPORT
NATIONAL WEATHER SERVICE BLACKSBURG VA
354 AM EDT THU MAY 7 2015


...................................

...THE LYNCHBURG VA CLIMATE SUMMARY FOR MAY 6 2015...

CLIMATE NORMAL PERIOD 1981 TO 2010
CLIMATE RECORD PERIOD 1893 TO 2015


WEATHER ITEM   OBSERVED TIME   RECORD YEAR NORMAL DEPARTURE LAST
                VALUE   (LST)  VALUE       VALUE  FROM      YEAR
                                                  NORMAL
..................................................................
TEMPERATURE (F)
 YESTERDAY
  MAXIMUM         84    241 PM  92    1943  73     11       72
  MINIMUM         55    543 AM  35    1973  48      7       45
  AVERAGE         70                        61      9       59

PRECIPITATION (IN)
  YESTERDAY        0.01          1.82 2013   0.11  -0.10     0.00
  MONTH TO DATE    0.58                      0.66  -0.08     0.02
  SINCE MAR 1      7.92                      7.55   0.37     8.57
  SINCE JAN 1     12.30                     13.62  -1.32    15.65

SNOWFALL (IN)
  YESTERDAY        0.0
  MONTH TO DATE    0.0
  SINCE MAR 1      2.5
  SINCE JUL 1     22.9
  SNOW DEPTH       0

DEGREE DAYS
 HEATING
  YESTERDAY        0                         5     -5        6
  MONTH TO DATE   26                        35     -9       28
  SINCE MAR 1    905                       934    -29      889
  SINCE JUL 1   4594                      4358    236     4403

 COOLING
  YESTERDAY        5                         1      4        0
  MONTH TO DATE   10                         6      4        0
  SINCE MAR 1     18                        24     -6       19
  SINCE JAN 1     18                        24     -6       19
..................................................................


WIND (MPH)
  HIGHEST WIND SPEED    14   HIGHEST WIND DIRECTION    NE (60)
  HIGHEST GUST SPEED    19   HIGHEST GUST DIRECTION     E (100)
  AVERAGE WIND SPEED     3.0


SKY COVER
  POSSIBLE SUNSHINE  MM
  AVERAGE SKY COVER 0.4


WEATHER CONDITIONS
 THE FOLLOWING WEATHER WAS RECORDED YESTERDAY.
  THUNDERSTORM
  LIGHT RAIN


RELATIVE HUMIDITY (PERCENT)
 HIGHEST   100          1000 PM
 LOWEST     42           200 PM
 AVERAGE    71

..........................................................


THE LYNCHBURG VA CLIMATE NORMALS FOR TODAY
                         NORMAL    RECORD    YEAR
 MAXIMUM TEMPERATURE (F)   73        95      1940
 MINIMUM TEMPERATURE (F)   48        32      1970


SUNRISE AND SUNSET
MAY  7 2015...........SUNRISE   616 AM EDT   SUNSET   812 PM EDT
MAY  8 2015...........SUNRISE   615 AM EDT   SUNSET   812 PM EDT


-  INDICATES NEGATIVE NUMBERS.
R  INDICATES RECORD WAS SET OR TIED.
MM INDICATES DATA IS MISSING.
T  INDICATES TRACE AMOUNT.




$$
