000
CDUS42 KTAE 050632
CLIMAI


CLIMATE REPORT
NATIONAL WEATHER SERVICE TALLAHASSEE FL
232 AM EDT TUE MAY 5 2015


...................................

...THE MARIANNA CLIMATE SUMMARY FOR MAY 4 2015...

CLIMATE NORMAL PERIOD 1981 TO 2010
CLIMATE RECORD PERIOD 1950 TO 2015


WEATHER ITEM   OBSERVED NORMAL DEPARTURE LAST
                VALUE   VALUE  FROM      YEAR
                               NORMAL
...............................................
TEMPERATURE (F)
 YESTERDAY
  MAXIMUM         84     84      0       87
  MINIMUM         59     59      0       55
  AVERAGE         72     72      0       71

PRECIPITATION (IN)
  YESTERDAY        0.00   0.07  -0.07     0.00
  MONTH TO DATE    0.00   0.24  -0.24     0.00
  SINCE MAR 1     13.49   9.49   4.00    21.61
  SINCE JAN 1     20.67  19.47   1.20    28.94

DEGREE DAYS
 HEATING
  YESTERDAY        0             0
  MONTH TO DATE    0             0
  SINCE MAR 1    107          -134
  SINCE JUL 1   1685            39

 COOLING
  YESTERDAY        7             0
  MONTH TO DATE   13           -14
  SINCE MAR 1    317           147
  SINCE JAN 1    323           138
...............................................


WIND (MPH)
  HIGHEST WIND SPEED    17   HIGHEST WIND DIRECTION     E (70)
  HIGHEST GUST SPEED    24   HIGHEST GUST DIRECTION    NE (60)
  AVERAGE WIND SPEED     3.9




RELATIVE HUMIDITY (PERCENT)
 HIGHEST   100
 LOWEST     28
 AVERAGE    64

..........................................................




SUNRISE AND SUNSET
MAY  5 2015...........SUNRISE   553 AM CDT   SUNSET   722 PM CDT
MAY  6 2015...........SUNRISE   553 AM CDT   SUNSET   723 PM CDT


-  INDICATES NEGATIVE NUMBERS.
R  INDICATES RECORD WAS SET OR TIED.
MM INDICATES DATA IS MISSING.
T  INDICATES TRACE AMOUNT.




$$
