000
CDUS44 KMEG 260639
CLIMEG


CLIMATE REPORT
NATIONAL WEATHER SERVICE MEMPHIS TN
137 AM CDT SUN APR 26 2015


...................................

...THE MEMPHIS/GERMANTOWN WFO CLIMATE SUMMARY FOR APRIL 25 2015...

CLIMATE NORMAL PERIOD 1981 TO 2010
CLIMATE RECORD PERIOD 1988 TO 2015


WEATHER ITEM   OBSERVED TIME   RECORD YEAR NORMAL DEPARTURE LAST
                VALUE   (LST)  VALUE       VALUE  FROM      YEAR
                                                  NORMAL
..................................................................
TEMPERATURE (F)
 YESTERDAY
  MAXIMUM         82    400 PM  87    1990  75      7       76
  MINIMUM         57    100 AM  36    2013  52      5       52
  AVERAGE         70                        63      7       64

PRECIPITATION (IN)
  YESTERDAY        0.15          2.51 2011   0.19  -0.04     0.00
  MONTH TO DATE    3.42                      4.40  -0.98     3.72
  SINCE MAR 1     10.08                      9.35   0.73     9.76
  SINCE JAN 1     16.16                     17.98  -1.82    18.38

SNOWFALL (IN)
  YESTERDAY        0.0          MM      MM   0.0    0.0      0.0
  MONTH TO DATE    0.0                       0.0    0.0      0.0
  SINCE MAR 1      4.1                       0.8    3.3      0.3
  SINCE JUL 1      6.3                       2.4    3.9      0.8
  SNOW DEPTH       0

DEGREE DAYS
 HEATING
  YESTERDAY        0                         4     -4        1
  MONTH TO DATE   78                       173    -95      145
  SINCE MAR 1    499                       609   -110      667
  SINCE JUL 1   3406                      3355     51     3671

 COOLING
  YESTERDAY        5                         2      3        0
  MONTH TO DATE   74                        40     34       39
  SINCE MAR 1     77                        51     26       41
  SINCE JAN 1     77                        52     25       41
..................................................................







THE MEMPHIS/GERMANTOWN WFO CLIMATE NORMALS FOR TODAY
                         NORMAL    RECORD    YEAR
 MAXIMUM TEMPERATURE (F)   75        86      2009
 MINIMUM TEMPERATURE (F)   52        42      1992


SUNRISE AND SUNSET
APRIL 26 2015.........SUNRISE   614 AM CDT   SUNSET   741 PM CDT
APRIL 27 2015.........SUNRISE   613 AM CDT   SUNSET   741 PM CDT


-  INDICATES NEGATIVE NUMBERS.
R  INDICATES RECORD WAS SET OR TIED.
MM INDICATES DATA IS MISSING.
T  INDICATES TRACE AMOUNT.




$$
