000
CDUS43 KIND 260542
CLIMIE


CLIMATE REPORT
NATIONAL WEATHER SERVICE INDIANAPOLIS IN
140 AM EDT SUN APR 26 2015


...................................

...THE MUNCIE IN CLIMATE SUMMARY FOR APRIL 25 2015...

CLIMATE NORMAL PERIOD 1981 TO 2010
CLIMATE RECORD PERIOD 9999 TO 9999


WEATHER ITEM   OBSERVED TIME   NORMAL DEPARTURE LAST
                VALUE   (LST)  VALUE  FROM      YEAR
                                      NORMAL
......................................................
TEMPERATURE (F)
 YESTERDAY
  MAXIMUM         52    145 AM  65    -13       64
  MINIMUM         41   1159 PM  45     -4       50
  AVERAGE         47            55     -8       57

PRECIPITATION (IN)
  YESTERDAY        0.84          0.12   0.72     0.38
  MONTH TO DATE    4.14          3.06   1.08     5.17
  SINCE MAR 1      7.16          6.01   1.15     6.70
  SINCE JAN 1     10.10         10.55  -0.45     9.66

DEGREE DAYS
 HEATING
  YESTERDAY       18            11      7        8
  MONTH TO DATE  288           373    -85      363
  SINCE MAR 1   1154          1160     -6     1315
  SINCE JUL 1   6019          5543    476     6225

 COOLING
  YESTERDAY        0             1     -1        0
  MONTH TO DATE    3             8     -5        6
  SINCE MAR 1      3             9     -6        6
  SINCE JAN 1      3             9     -6        6
......................................................


WIND (MPH)
  HIGHEST WIND SPEED    28   HIGHEST WIND DIRECTION     E (90)
  HIGHEST GUST SPEED    33   HIGHEST GUST DIRECTION     E (90)
  AVERAGE WIND SPEED    13.8


SKY COVER
  AVERAGE SKY COVER 1.0


WEATHER CONDITIONS
 THE FOLLOWING WEATHER WAS RECORDED YESTERDAY.
  HEAVY RAIN
  RAIN
  LIGHT RAIN
  FOG


RELATIVE HUMIDITY (PERCENT)
 HIGHEST    89           100 PM
 LOWEST     50          1200 AM
 AVERAGE    70

..........................................................


THE MUNCIE IN CLIMATE NORMALS FOR TODAY
                         NORMAL
 MAXIMUM TEMPERATURE (F)   66
 MINIMUM TEMPERATURE (F)   45


SUNRISE AND SUNSET
APRIL 26 2015.........SUNRISE   648 AM EDT   SUNSET   831 PM EDT
APRIL 27 2015.........SUNRISE   647 AM EDT   SUNSET   832 PM EDT


-  INDICATES NEGATIVE NUMBERS.
R  INDICATES RECORD WAS SET OR TIED.
MM INDICATES DATA IS MISSING.
T  INDICATES TRACE AMOUNT.




$$
