000
CDUS42 KMLB 192021
CLIMLB


CLIMATE REPORT
NATIONAL WEATHER SERVICE MELBOURNE FL
420 PM EDT SUN APR 19 2015


...................................

...THE MELBOURNE CLIMATE SUMMARY FOR APRIL 19 2015...
VALID TODAY AS OF 0400 PM LOCAL TIME.

CLIMATE NORMAL PERIOD 1981 TO 2010
CLIMATE RECORD PERIOD 1939 TO 2015


WEATHER ITEM   OBSERVED TIME   RECORD YEAR NORMAL DEPARTURE LAST
                VALUE   (LST)  VALUE       VALUE  FROM      YEAR
                                                  NORMAL
..................................................................
TEMPERATURE (F)
 TODAY
  MAXIMUM         93R   241 PM  90    1975  81     12       81
                                      1944
  MINIMUM         72    605 AM  41    1997  61     11       62
  AVERAGE         83                        71     12       72

PRECIPITATION (IN)
  TODAY            0.00          2.19 1951   0.06  -0.06     0.52
  MONTH TO DATE    2.22                      1.41   0.81     3.36
  SINCE MAR 1      2.65                      4.69  -2.04     5.38
  SINCE JAN 1      8.76                      9.49  -0.73    12.44

SNOWFALL (IN)
  TODAY            0.0
  MONTH TO DATE    0.0
  SINCE JUL 1      0.0

DEGREE DAYS
 HEATING
  TODAY            0                         0      0        0
  MONTH TO DATE    0                        15    -15        3
  SINCE MAR 1     14                        86    -72       52
  SINCE JUL 1    424                       575   -151      358

 COOLING
  TODAY           18                         6     12        7
  MONTH TO DATE  227                        97    130      135
  SINCE MAR 1    466                       196    270      246
  SINCE JAN 1    564                       294    270      414
..................................................................


WIND (MPH)
  HIGHEST WIND SPEED    20   HIGHEST WIND DIRECTION     S (190)
  HIGHEST GUST SPEED    27   HIGHEST GUST DIRECTION     S (180)
  AVERAGE WIND SPEED     6.4


SKY COVER
  AVERAGE SKY COVER 0.1


WEATHER CONDITIONS
 THE FOLLOWING WEATHER WAS RECORDED TODAY.
  FOG
  HAZE


RELATIVE HUMIDITY (PERCENT)
 HIGHEST    93           400 AM
 LOWEST     47           200 PM
 AVERAGE    70

..........................................................


THE MELBOURNE CLIMATE NORMALS FOR TOMORROW
                         NORMAL    RECORD    YEAR
 MAXIMUM TEMPERATURE (F)   81        91      1944
 MINIMUM TEMPERATURE (F)   61        50      1999


SUNRISE AND SUNSET
APRIL 19 2015.........SUNRISE   654 AM EDT   SUNSET   750 PM EDT
APRIL 20 2015.........SUNRISE   653 AM EDT   SUNSET   751 PM EDT


-  INDICATES NEGATIVE NUMBERS.
R  INDICATES RECORD WAS SET OR TIED.
MM INDICATES DATA IS MISSING.
T  INDICATES TRACE AMOUNT.




$$
