000
CDUS46 KPQR 271142
CLIMMV


CLIMATE REPORT
NATIONAL WEATHER SERVICE PORTLAND OREGON
441 AM PDT MON APR 27 2015


...................................

...THE MCMINNVILLE OR CLIMATE SUMMARY FOR APRIL 26 2015...

CLIMATE NORMAL PERIOD 1981 TO 2010
CLIMATE RECORD PERIOD 1894 TO 2015


WEATHER ITEM   OBSERVED TIME   RECORD YEAR NORMAL DEPARTURE LAST
                VALUE   (LST)  VALUE       VALUE  FROM      YEAR
                                                  NORMAL
..................................................................
TEMPERATURE (F)
 YESTERDAY
  MAXIMUM         58    225 PM  95    1926  63     -5       56
  MINIMUM         37    158 AM  28    1984  40     -3       35
  AVERAGE         48                        52     -4       46

PRECIPITATION (IN)
  YESTERDAY        0.02          1.02 2010   0.08  -0.06     0.25
  MONTH TO DATE    1.50                      2.63  -1.13     3.12
  SINCE OCT 1     30.84                     33.23  -2.39    23.69
  SINCE JAN 1     14.60                     17.20  -2.60    18.73

DEGREE DAYS
 HEATING
  YESTERDAY       17                        13      4       19
  MONTH TO DATE  400                       396      4      351
  SINCE JUL 1   3310                      4347  -1037     4282

 COOLING
  YESTERDAY        0                         0      0        0
  MONTH TO DATE    0                         0      0        0
  SINCE JAN 1      0                         0      0        0
..................................................................


WIND (MPH)
  HIGHEST WIND SPEED    10   HIGHEST WIND DIRECTION    SE (150)
  HIGHEST GUST SPEED    12   HIGHEST GUST DIRECTION     S (160)
  AVERAGE WIND SPEED     2.2


SKY COVER
  POSSIBLE SUNSHINE  MM
  AVERAGE SKY COVER 0.8


WEATHER CONDITIONS
 THE FOLLOWING WEATHER WAS RECORDED YESTERDAY.
  LIGHT RAIN


RELATIVE HUMIDITY (PERCENT)
 HIGHEST    93           900 PM
 LOWEST     72           100 PM
 AVERAGE    83

..........................................................


THE MCMINNVILLE OR CLIMATE NORMALS FOR TODAY
                         NORMAL    RECORD    YEAR
 MAXIMUM TEMPERATURE (F)   63        99      1926
 MINIMUM TEMPERATURE (F)   40        30      1984


SUNRISE AND SUNSET
APRIL 27 2015.........SUNRISE   508 AM PST   SUNSET   713 PM PST
APRIL 28 2015.........SUNRISE   506 AM PST   SUNSET   715 PM PST


-  INDICATES NEGATIVE NUMBERS.
R  INDICATES RECORD WAS SET OR TIED.
MM INDICATES DATA IS MISSING.
T  INDICATES TRACE AMOUNT.




$$
