000
CDUS44 KMOB 250647
CLIMOB


CLIMATE REPORT
NATIONAL WEATHER SERVICE MOBILE AL
146 AM CDT SAT APR 25 2015


...................................

...THE MOBILE CLIMATE SUMMARY FOR APRIL 24 2015...

CLIMATE NORMAL PERIOD 1981 TO 2010
CLIMATE RECORD PERIOD 1842 TO 2015


WEATHER ITEM   OBSERVED TIME   RECORD YEAR NORMAL DEPARTURE LAST
                VALUE   (LST)  VALUE       VALUE  FROM      YEAR
                                                  NORMAL
..................................................................
TEMPERATURE (F)
 YESTERDAY
  MAXIMUM         80   1255 PM  91    1999  79      1       82
  MINIMUM         61    545 AM  37    2012  58      3       61
  AVERAGE         71                        68      3       72

PRECIPITATION (IN)
  YESTERDAY        0.00          2.68 1937   0.15  -0.15     0.00
  MONTH TO DATE   11.65                      3.88   7.77     6.26
  SINCE MAR 1     15.61                     10.02   5.59    12.76
  SINCE JAN 1     21.66                     20.79   0.87    19.88

DEGREE DAYS
 HEATING
  YESTERDAY        0                         1     -1        0
  MONTH TO DATE    3                        56    -53       68
  SINCE MAR 1    117                       245   -128      344
  SINCE JUL 1   1819                      1687    132     2047

 COOLING
  YESTERDAY        6                         4      2        7
  MONTH TO DATE  153                        72     81       46
  SINCE MAR 1    249                       111    138       47
  SINCE JAN 1    253                       127    126       59
..................................................................


WIND (MPH)
  HIGHEST WIND SPEED    16   HIGHEST WIND DIRECTION     S (160)
  HIGHEST GUST SPEED    20   HIGHEST GUST DIRECTION     E (110)
  AVERAGE WIND SPEED     9.6


SKY COVER
  POSSIBLE SUNSHINE  MM
  AVERAGE SKY COVER 0.6


WEATHER CONDITIONS
 THE FOLLOWING WEATHER WAS RECORDED YESTERDAY.
  NO SIGNIFICANT WEATHER WAS OBSERVED.


RELATIVE HUMIDITY (PERCENT)
 HIGHEST    97           500 AM
 LOWEST     58           900 AM
 AVERAGE    78

..........................................................


THE MOBILE CLIMATE NORMALS FOR TODAY
                         NORMAL    RECORD    YEAR
 MAXIMUM TEMPERATURE (F)   80        88      1989
 MINIMUM TEMPERATURE (F)   58        39      1910


SUNRISE AND SUNSET
APRIL 25 2015.........SUNRISE   615 AM CDT   SUNSET   727 PM CDT
APRIL 26 2015.........SUNRISE   614 AM CDT   SUNSET   728 PM CDT


-  INDICATES NEGATIVE NUMBERS.
R  INDICATES RECORD WAS SET OR TIED.
MM INDICATES DATA IS MISSING.
T  INDICATES TRACE AMOUNT.




$$
