000
CDUS43 KBIS 180723
CLIMOT


CLIMATE REPORT
NATIONAL WEATHER SERVICE BISMARCK ND
222 AM CDT SAT APR 18 2015


...................................

...THE MINOT ND CLIMATE SUMMARY FOR APRIL 17 2015...

CLIMATE NORMAL PERIOD 1981 TO 2010
CLIMATE RECORD PERIOD 1905 TO 2015


WEATHER ITEM   OBSERVED TIME   RECORD YEAR NORMAL DEPARTURE LAST
                VALUE   (LST)  VALUE       VALUE  FROM      YEAR
                                                  NORMAL
..................................................................
TEMPERATURE (F)
 YESTERDAY
  MAXIMUM         71    322 PM  86    1906  56     15       42
  MINIMUM         38   1017 PM   8    1953  33      5       22
  AVERAGE         55                        44     11       32

PRECIPITATION (IN)
  YESTERDAY        0.00          0.66 1986   0.04  -0.04     0.00
  MONTH TO DATE    0.05                      0.54  -0.49     0.15
  SINCE MAR 1      0.42                      1.38  -0.96     0.20
  SINCE JAN 1      0.89                      2.29  -1.40     0.56

DEGREE DAYS
 HEATING
  YESTERDAY       10                        21    -11       33
  MONTH TO DATE  378                       421    -43      511
  SINCE MAR 1   1339                      1560   -221     1794
  SINCE JUL 1   8027                      8136   -109     9027

 COOLING
  YESTERDAY        0                         0      0        0
  MONTH TO DATE    0                         0      0        0
  SINCE MAR 1      0                         0      0        0
  SINCE JAN 1      0                         0      0        0
..................................................................


WIND (MPH)
  HIGHEST WIND SPEED    22   HIGHEST WIND DIRECTION     N (340)
  HIGHEST GUST SPEED    27   HIGHEST GUST DIRECTION     N (340)
  AVERAGE WIND SPEED    11.6


SKY COVER
  POSSIBLE SUNSHINE  MM
  AVERAGE SKY COVER 0.0


WEATHER CONDITIONS
 THE FOLLOWING WEATHER WAS RECORDED YESTERDAY.
  NO SIGNIFICANT WEATHER WAS OBSERVED.


RELATIVE HUMIDITY (PERCENT)
 HIGHEST    49          1000 PM
 LOWEST     17           100 PM
 AVERAGE    33

..........................................................


THE MINOT ND CLIMATE NORMALS FOR TODAY
                         NORMAL    RECORD    YEAR
 MAXIMUM TEMPERATURE (F)   57        84      1987
 MINIMUM TEMPERATURE (F)   33        11      1928


SUNRISE AND SUNSET
APRIL 18 2015.........SUNRISE   650 AM CDT   SUNSET   840 PM CDT
APRIL 19 2015.........SUNRISE   648 AM CDT   SUNSET   841 PM CDT


-  INDICATES NEGATIVE NUMBERS.
R  INDICATES RECORD WAS SET OR TIED.
MM INDICATES DATA IS MISSING.
T  INDICATES TRACE AMOUNT.




$$
