000
CDUS43 KMPX 060748
CLIMSP


CLIMATE REPORT
NATIONAL WEATHER SERVICE CHANHASSEN MN
247 AM CDT WED MAY 6 2015


...................................

...THE TWIN CITIES MN CLIMATE SUMMARY FOR MAY 5 2015...

CLIMATE NORMAL PERIOD 1981 TO 2010
CLIMATE RECORD PERIOD 1871 TO 2015


WEATHER ITEM   OBSERVED TIME   RECORD YEAR NORMAL DEPARTURE LAST
                VALUE   (LST)  VALUE       VALUE  FROM      YEAR
                                                  NORMAL
..................................................................
TEMPERATURE (F)
 YESTERDAY
  MAXIMUM         70   1250 PM  89    2000  66      4       64
  MINIMUM         51    529 AM  27    1989  45      6       50
  AVERAGE         61                        56      5       57

PRECIPITATION (IN)
  YESTERDAY        0.02          1.84 1991   0.11  -0.09     0.00
  MONTH TO DATE    0.08                      0.55  -0.47     0.04
  SINCE MAR 1      3.17                      5.10  -1.93     7.13
  SINCE JAN 1      3.86                      6.77  -2.91     9.96

SNOWFALL (IN)
  YESTERDAY        0.0           0.3  1991   0.0    0.0      0.0
  MONTH TO DATE    0.0                       0.0    0.0      0.0
  SINCE MAR 1      7.1                      12.7   -5.6     11.7
  SINCE JUL 1     32.4                      54.4  -22.0     69.8
  SNOW DEPTH       0

DEGREE DAYS
 HEATING
  YESTERDAY        4                        10     -6        8
  MONTH TO DATE   15                        52    -37       76
  SINCE MAR 1   1372                      1580   -208     1955
  SINCE JUL 1   7337                      7370    -33     8408

 COOLING
  YESTERDAY        0                         1     -1        0
  MONTH TO DATE    6                         3      3        0
  SINCE MAR 1      6                         8     -2        0
  SINCE JAN 1      6                         8     -2        0
..................................................................


WIND (MPH)
  HIGHEST WIND SPEED    23   HIGHEST WIND DIRECTION     E (100)
  HIGHEST GUST SPEED    28   HIGHEST GUST DIRECTION    SE (130)
  AVERAGE WIND SPEED    12.8


SKY COVER
  POSSIBLE SUNSHINE  MM
  AVERAGE SKY COVER 0.6


WEATHER CONDITIONS
 THE FOLLOWING WEATHER WAS RECORDED YESTERDAY.
  LIGHT RAIN
  FOG


RELATIVE HUMIDITY (PERCENT)
 HIGHEST    93          1100 PM
 LOWEST     33          1200 AM
 AVERAGE    63

..........................................................


THE TWIN CITIES MN CLIMATE NORMALS FOR TODAY
                         NORMAL    RECORD    YEAR
 MAXIMUM TEMPERATURE (F)   67        89      1934
                                             1896
 MINIMUM TEMPERATURE (F)   46        25      1989


SUNRISE AND SUNSET
MAY  6 2015...........SUNRISE   556 AM CDT   SUNSET   824 PM CDT
MAY  7 2015...........SUNRISE   554 AM CDT   SUNSET   825 PM CDT


-  INDICATES NEGATIVE NUMBERS.
R  INDICATES RECORD WAS SET OR TIED.
MM INDICATES DATA IS MISSING.
T  INDICATES TRACE AMOUNT.




$$
