000
CDUS45 KPSR 250024
CLINYL

CLIMATE REPORT
NATIONAL WEATHER SERVICE PHOENIX AZ
523 PM MST FRI APR 24 2015


...................................

...THE YUMA AZ CLIMATE SUMMARY FOR APRIL 24 2015...
VALID TODAY AS OF 0500 PM LOCAL TIME.

CLIMATE NORMAL PERIOD 1981 TO 2010
CLIMATE RECORD PERIOD 1876 TO 2015


WEATHER ITEM   OBSERVED TIME   RECORD YEAR NORMAL DEPARTURE LAST
                VALUE   (LST)  VALUE       VALUE  FROM      YEAR
                                                  NORMAL
..................................................................
TEMPERATURE (F)
 TODAY
  MAXIMUM         82    359 PM 106    1910  89     -7       92
  MINIMUM         59    630 AM  46    1923  62     -3       60
  AVERAGE         71                        75     -4       76

PRECIPITATION (IN)
  TODAY            0.00          T    1924   0.00   0.00     0.00
                                      1888
  MONTH TO DATE    0.00                      0.13  -0.13     0.00
  SINCE OCT 1      0.95                      2.16  -1.21     1.18
  SINCE JAN 1      0.51                      1.22  -0.71     0.07

DEGREE DAYS
 HEATING
  TODAY            0                         0      0        0
  MONTH TO DATE    0                        12    -12        5
  SINCE MAR 1     23                        62    -39        9
  SINCE JUL 1     83                       685   -602      370

 COOLING
  TODAY            6                        10     -4       11
  MONTH TO DATE  204                       184     20      257
  SINCE MAR 1    499                       301    198      442
  SINCE JAN 1    610                       337    273      556
..................................................................


WIND (MPH)
  RESULTANT WIND SPEED   4   RESULTANT WIND DIRECTION  SW (230)
  HIGHEST WIND SPEED    16   HIGHEST WIND DIRECTION     W (270)
  HIGHEST GUST SPEED    21   HIGHEST GUST DIRECTION     W (260)
  AVERAGE WIND SPEED     6.4


SKY COVER
  AVERAGE SKY COVER 0.2


WEATHER CONDITIONS
 THE FOLLOWING WEATHER WAS RECORDED TODAY.
  HAZE


RELATIVE HUMIDITY (PERCENT)
 HIGHEST    60
 LOWEST     28
 AVERAGE    44

..........................................................


THE YUMA AZ CLIMATE NORMALS FOR TOMORROW
                         NORMAL    RECORD    YEAR
 MAXIMUM TEMPERATURE (F)   89       107      1898
 MINIMUM TEMPERATURE (F)   62        44      1883


SUNRISE AND SUNSET
APRIL 24 2015.........SUNRISE   559 AM MST   SUNSET   715 PM MST
APRIL 25 2015.........SUNRISE   558 AM MST   SUNSET   716 PM MST


-  INDICATES NEGATIVE NUMBERS.
R  INDICATES RECORD WAS SET OR TIED.
MM INDICATES DATA IS MISSING.
T  INDICATES TRACE AMOUNT.

$$
