000
CDUS46 KMTR 050838
CLIOAK


CLIMATE REPORT
NATIONAL WEATHER SERVICE SAN FRANCISCO BAY AREA
138 AM PDT TUE MAY 5 2015


...................................

...THE OAKLAND AIRPORT CLIMATE SUMMARY FOR MAY 4 2015...

CLIMATE NORMAL PERIOD 1981 TO 2010
CLIMATE RECORD PERIOD 1948 TO 2015


WEATHER ITEM   OBSERVED TIME   RECORD YEAR NORMAL DEPARTURE LAST
                VALUE   (LST)  VALUE       VALUE  FROM      YEAR
                                                  NORMAL
..................................................................
TEMPERATURE (F)
 YESTERDAY
  MAXIMUM         59    153 PM  88    1957  67     -8       68
  MINIMUM         51    633 AM  39    1950  50      1       57
  AVERAGE         55                        59     -4       63

PRECIPITATION (IN)
  YESTERDAY        0.00          0.45 2005   0.03  -0.03     0.00
  MONTH TO DATE    0.00                      0.15  -0.15     0.00
  SINCE OCT 1     14.39                     19.82  -5.43     9.44
  SINCE JAN 1      3.17                     12.51  -9.34     7.98

SNOWFALL (IN)
  YESTERDAY        0.0                                       0.0
  MONTH TO DATE    0.0                                       0.0
  SINCE MAR 1      0.0                                       0.0
  SINCE JUL 1      0.0                                       0.0

DEGREE DAYS
 HEATING
  YESTERDAY       10                         6      4        2
  MONTH TO DATE   23                        27     -4        8
  SINCE MAR 1    435                       591   -156      374
  SINCE JUL 1   1744                      2613   -869     2195

 COOLING
  YESTERDAY        0                         0      0        0
  MONTH TO DATE    0                         0      0        6
  SINCE MAR 1      4                         6     -2       19
  SINCE JAN 1      4                         6     -2       19
..................................................................


WIND (MPH)
  RESULTANT WIND SPEED  11   RESULTANT WIND DIRECTION   W (250)
  HIGHEST WIND SPEED    20   HIGHEST WIND DIRECTION     W (280)
  HIGHEST GUST SPEED    23   HIGHEST GUST DIRECTION     W (280)
  AVERAGE WIND SPEED    11.4


SKY COVER
  POSSIBLE SUNSHINE  MM
  AVERAGE SKY COVER 0.9


WEATHER CONDITIONS
 THE FOLLOWING WEATHER WAS RECORDED YESTERDAY.
  NO SIGNIFICANT WEATHER WAS OBSERVED.


RELATIVE HUMIDITY (PERCENT)
 HIGHEST    83           200 AM
 LOWEST     62           200 PM
 AVERAGE    73

..........................................................


THE OAKLAND AIRPORT CLIMATE NORMALS FOR TODAY
                         NORMAL    RECORD    YEAR
 MAXIMUM TEMPERATURE (F)   67        88      1949
 MINIMUM TEMPERATURE (F)   50        41      1952


SUNRISE AND SUNSET
MAY  5 2015...........SUNRISE   609 AM PDT   SUNSET   803 PM PDT
MAY  6 2015...........SUNRISE   608 AM PDT   SUNSET   804 PM PDT


-  INDICATES NEGATIVE NUMBERS.
R  INDICATES RECORD WAS SET OR TIED.
MM INDICATES DATA IS MISSING.
T  INDICATES TRACE AMOUNT.




$$
