000
CDUS43 KOAX 180637
CLIOAX


CLIMATE REPORT
NATIONAL WEATHER SERVICE OMAHA NEBRASKA
134 AM CDT SAT APR 18 2015


...................................

...THE VALLEY  NWS, NEBRASKA CLIMATE SUMMARY FOR APRIL 17 2015...

CLIMATE NORMAL PERIOD 1981 TO 2010
CLIMATE RECORD PERIOD 1997 TO 2015


WEATHER ITEM   OBSERVED TIME   NORMAL DEPARTURE LAST
                VALUE   (LST)  VALUE  FROM      YEAR
                                      NORMAL
......................................................
TEMPERATURE (F)
 YESTERDAY
  MAXIMUM         74    321 PM  62     12       55
  MINIMUM         55    501 AM  40     15       32
  AVERAGE         65            51     14       44

PRECIPITATION (IN)
  YESTERDAY        T             0.10  -0.10     0.00
  MONTH TO DATE    2.11          1.50   0.61     1.32
  SINCE MAR 1      2.77          3.50  -0.73     1.68
  SINCE JAN 1      4.34          5.21  -0.87     2.72

SNOWFALL (IN)
  YESTERDAY        0.0                           0.0
  MONTH TO DATE    0.2                           0.9
  SINCE JUL 1     19.3                          18.2
  SNOW DEPTH       0

DEGREE DAYS
 HEATING
  YESTERDAY        0            14    -14       21
  MONTH TO DATE  186           289   -103      297
  SINCE MAR 1    838          1117   -279     1190
  SINCE JUL 1   5567          5948   -381     6250

 COOLING
  YESTERDAY        0             0      0        0
  MONTH TO DATE    4             0      4        3
  SINCE MAR 1      4             0      4        3
  SINCE JAN 1      4             0      4        3
......................................................


WIND (MPH)
  HIGHEST WIND SPEED    MM   HIGHEST WIND DIRECTION    MM
  HIGHEST GUST SPEED    18   HIGHEST GUST DIRECTION    MM


SKY COVER
  POSSIBLE SUNSHINE  MM


WEATHER CONDITIONS
 THE FOLLOWING WEATHER WAS RECORDED YESTERDAY.
  LIGHT RAIN


..........................................................


THE VALLEY  NWS, NEBRASKA CLIMATE NORMALS FOR TODAY
                         NORMAL
 MAXIMUM TEMPERATURE (F)   62
 MINIMUM TEMPERATURE (F)   41


SUNRISE AND SUNSET
APRIL 18 2015.........SUNRISE   642 AM CDT   SUNSET   809 PM CDT
APRIL 19 2015.........SUNRISE   640 AM CDT   SUNSET   810 PM CDT


-  INDICATES NEGATIVE NUMBERS.
R  INDICATES RECORD WAS SET OR TIED.
MM INDICATES DATA IS MISSING.
T  INDICATES TRACE AMOUNT.




$$
